{"id":128,"date":"2023-01-14T17:00:29","date_gmt":"2023-01-14T17:00:29","guid":{"rendered":"https:\/\/www.lancaster.ac.uk\/cl2023\/?page_id=128"},"modified":"2023-10-25T13:55:27","modified_gmt":"2023-10-25T13:55:27","slug":"committees","status":"publish","type":"page","link":"https:\/\/www.lancaster.ac.uk\/cl2023\/committees\/","title":{"rendered":"Committees"},"content":{"rendered":"<h3>Organising committee<\/h3>\n<p>The Conference was organised by the <a href=\"https:\/\/cass.lancs.ac.uk\/\">ESRC Centre for Corpus Approaches to Social Science (CASS)<\/a>.<\/p>\n<p>Elena Semino (Chair), Luke Collins, Jane Demmen, Dana Gablasova, Vaclav Brezina, Emma Putland, Rachael McCarthy (administrator)<\/p>\n<h3>Programme committee<\/h3>\n<p>Karin Aijmer\u00a0 (G\u00f6teborgs Universitet)<br \/>\nMarc Alexander (University of Glasgow)<br \/>\nWendy Anderson (University of Glasgow)<br \/>\nLaurence Anthony (Waseda University)<br \/>\nDawn Archer (Manchester Metropolitan University)<br \/>\nPaul Baker (Lancaster University)<br \/>\nMichael Barlow\u00a0 (University of Auckland\u00a0)<br \/>\nMonika Bednarek (University of Sydney)<br \/>\nSilvia Bernardini (University of Bologna)<br \/>\nYves Bestgen (Universit\u00e9 catholique de Louvain)<br \/>\nDoug Biber (Northern Arizona University)<br \/>\nMarina Bondi (University of Modena and Reggio Emilia)<br \/>\nRaffaella Bottini\u00a0 (Lancaster University)<br \/>\nAlex Boulton (Universit\u00e9 de Lorraine)<br \/>\nGavin Brookes\u00a0 (Lancaster University)<br \/>\nBeatrix Busse (University of Cologne)<br \/>\nAnna \u010cerm\u00e1kov\u00e1\u00a0 (Lancaster University)<br \/>\nIsobelle Clarke (Lancaster University)<br \/>\nJonathan Culpeper (Lancaster University)<br \/>\nNiall Curry (Coventry University)<br \/>\nV\u00e1clav Cvr\u010dek\u00a0 (Charles University)<br \/>\nFraser Dallachy\u00a0 (University of Glasgow)<br \/>\nSylvie De Cock (Universit\u00e9 catholique de Louvain)<br \/>\nRachele De Felice (Open University)<br \/>\nAlice Deignan\u00a0 (University of Leeds)<br \/>\nDagmar Divjak (University of Birmingham)<br \/>\nMarina Dossena (University of Bergamo)<br \/>\nJesse Egbert\u00a0 (Northern Arizona University)<br \/>\nNick Ellis (University of Michigan)<br \/>\nStephanie Evert (Friedrich-Alexander-Universit\u00e4t Erlangen-N\u00fcrnberg)<br \/>\nFiona Farr (University of Limerick)<br \/>\nJohn Flowerdew (Retired (Visiting Chair, Lancaster University))<br \/>\nLynne Flowerdew\u00a0 (Birkbeck, University of London)<br \/>\nFederica Formato\u00a0 (University of Brighton)<br \/>\nAna Frankenberg-Garcia (University of Surrey)<br \/>\nMatteo Fuoli\u00a0 (University of Birmingham)<br \/>\nSheena Gardner (Coventry University)<br \/>\nDirk Geeraerts (KU Leuven)<br \/>\nMathew Gillings\u00a0 (Vienna University of Economics and Business)<br \/>\nGa\u00ebtanelle Gilquin (Universit\u00e9 catholique de Louvain)<br \/>\nSandra G\u00f6tz (University of Giessen)<br \/>\nSylviane Granger (Universit\u00e9 catholique de Louvain)<br \/>\nBethany Gray (Iowa State University)<br \/>\nStefan Gries (University of California, Santa Barbara)<br \/>\nNicholas Groom (University of Birmingham)<br \/>\nGlenn Hadikin (University of Portsmouth)<br \/>\nEva Haji\u010dov\u00e1 (Charles University)<br \/>\nClaire Hardaker (Lancaster University)<br \/>\nAndrew Hardie (Lancaster University)<br \/>\nMartin Hilpert (University of Neuch\u00e2tel)<br \/>\nSebastian Hoffmann\u00a0 (University of Trier)<br \/>\nMarianne Hundt (University of Zurich)<br \/>\nSusan Hunston\u00a0 (University of Birmingham)<br \/>\nErsilia Incelli (Sapienza Universita di Roma )<br \/>\nShin Ishikawa\u00a0 (Kobe University)<br \/>\nStephen Jeaco (Xi\u2019an Jiaotong-Liverpool University)<br \/>\nLesley Jeffries\u00a0 (Lancaster University)<br \/>\nAndrew Kehoe (Birmingham City University)<br \/>\nMajid KhosraviNik\u00a0 (Newcastle University)<br \/>\nDawn Knight (Cardiff\u00a0University)<br \/>\nVeronika Koller (Lancaster University)<br \/>\nNatalie K\u00fcbler (University of Paris)<br \/>\nTove Larsson (Northern Arizona University)<br \/>\nEllen Le Foll (Osnabr\u00fcck University)<br \/>\nMarie-Aude Lefer (Universit\u00e9 catholique de Louvain)<br \/>\nAgnieszka Le\u0144ko-Szyma\u0144ska\u00a0 (University of Warsaw)<br \/>\nBarbara Lewandowska-Tomaszczyk (University of \u0141\u00f3dz)<br \/>\nDechao Li (Hong Kong Polytechnic University)<br \/>\nJeanette Littlemore (University of Birmingham)<br \/>\nRobbie Love (Aston University)<br \/>\nAnke L\u00fcdeling (Humboldt University of Berlin)<br \/>\nUrsula Lutzky\u00a0 (Vienna University of Economics and Business)<br \/>\nMichaela Mahlberg\u00a0 (University of Birmingham)<br \/>\nChristian Mair (University of Freiburg)<br \/>\nAnna Marchi (University of Bologna)<br \/>\nGerlinde Mautner (Vienna University of Economics and Business)<br \/>\nTony McEnery (Lancaster University)<br \/>\nMark McGlashan\u00a0 (Birmingham City University)<br \/>\nDan McIntyre\u00a0 (Uppsala University)<br \/>\nFanny Meunier (Universit\u00e9 catholique de Louvain)<br \/>\nNeil Millar (University of Tsukuba)<br \/>\nBr\u00f3na Murphy (University of Limerick)<br \/>\nHilary Nesi (Coventry University)<br \/>\nTerttu Nevalainen (University of Helsinki)<br \/>\nKieran O&#8217;Halloran (King&#8217;s College London)<br \/>\nAnne O&#8217;Keeffe (Mary Immaculate College)<br \/>\nSigne Oksefjell (Ebeling University of Oslo)<br \/>\nVincent Ooi (National University of Singapore)<br \/>\nMagali Paquot (Universit\u00e9 catholique de Louvain)<br \/>\nAlan Partington (University of Bologna)<br \/>\nLaura Paterson (Open University)<br \/>\nPascual Perez-Paredes\u00a0 (University of Murcia\/University of Cambridge)<br \/>\nGill Philip (University of Macerata)<br \/>\nScott Piao (Lancaster University)<br \/>\nAmanda Potts (Cardiff\u00a0University)<br \/>\nHazel Price\u00a0 (University of Salford)<br \/>\nPaul Rayson\u00a0 (Lancaster University)<br \/>\nUte R\u00f6emer-Weyhofen (Georgia State University)<br \/>\nSerge Sharoff (University of Leeds)<br \/>\nShelley Staples\u00a0 (University of Arizona)<br \/>\nIrma Taavitsainen (University of Helsinki)<br \/>\nHongyin Tao (University of California, Santa Barbara)<br \/>\nCharlotte Taylor (University of Sussex)<br \/>\nWolfgang Teubert (University of Birmingham)<br \/>\nJennifer Thewissen (University of Antwerp)<br \/>\nPaul Thompson (University of Birmingham)<br \/>\nYukio Tono\u00a0 (Tokyo University of Foreign Studies)<br \/>\nChris Tribble (King&#8217;s College London)<br \/>\nRachelle Vessey (Carleton University)<br \/>\nBenet Vincent (Coventry University)<br \/>\nDavid Wright (Nottingham Trent University)<br \/>\nMartin Wynne\u00a0 (University of Oxford)<br \/>\nJiajin Xu (Beijing Foreign Studies University)<br \/>\nHai Xu\u00a0 (Guangdong University of Foreign Studies)<br \/>\nYogendra Yadava (Tribhuvan University)<br \/>\nJidong Zhang (Donghua University)<\/p>\n","protected":false},"excerpt":{"rendered":"<p class=\"excerpt\">Organising committee The Conference was organised by the ESRC Centre for Corpus Approaches to Social Science (CASS). Elena Semino (Chair), Luke Collins, Jane Demmen, Dana Gablasova, Vaclav Brezina, Emma Putland, Rachael McCarthy (administrator) Programme committee Karin Aijmer\u00a0 (G\u00f6teborgs Universitet) Marc Alexander (University of Glasgow) Wendy Anderson (University of Glasgow) Laurence Anthony (Waseda University) Dawn Archer [&hellip;]<\/p>\n","protected":false},"author":5,"featured_media":0,"parent":0,"menu_order":0,"comment_status":"closed","ping_status":"closed","template":"","meta":{"footnotes":""},"class_list":["post-128","page","type-page","status-publish","hentry"],"jetpack_sharing_enabled":true,"_links":{"self":[{"href":"https:\/\/www.lancaster.ac.uk\/cl2023\/wp-json\/wp\/v2\/pages\/128","targetHints":{"allow":["GET"]}}],"collection":[{"href":"https:\/\/www.lancaster.ac.uk\/cl2023\/wp-json\/wp\/v2\/pages"}],"about":[{"href":"https:\/\/www.lancaster.ac.uk\/cl2023\/wp-json\/wp\/v2\/types\/page"}],"author":[{"embeddable":true,"href":"https:\/\/www.lancaster.ac.uk\/cl2023\/wp-json\/wp\/v2\/users\/5"}],"replies":[{"embeddable":true,"href":"https:\/\/www.lancaster.ac.uk\/cl2023\/wp-json\/wp\/v2\/comments?post=128"}],"version-history":[{"count":2,"href":"https:\/\/www.lancaster.ac.uk\/cl2023\/wp-json\/wp\/v2\/pages\/128\/revisions"}],"predecessor-version":[{"id":382,"href":"https:\/\/www.lancaster.ac.uk\/cl2023\/wp-json\/wp\/v2\/pages\/128\/revisions\/382"}],"wp:attachment":[{"href":"https:\/\/www.lancaster.ac.uk\/cl2023\/wp-json\/wp\/v2\/media?parent=128"}],"curies":[{"name":"wp","href":"https:\/\/api.w.org\/{rel}","templated":true}]}}