{"id":2428,"date":"2017-01-18T10:58:34","date_gmt":"2017-01-18T10:58:34","guid":{"rendered":"http:\/\/www.lancaster.ac.uk\/cuidar\/?page_id=2428"},"modified":"2018-06-26T14:57:58","modified_gmt":"2018-06-26T13:57:58","slug":"links","status":"publish","type":"page","link":"https:\/\/www.lancaster.ac.uk\/cuidar\/links\/","title":{"rendered":"Links &#038; Resources"},"content":{"rendered":"<h2>Links<\/h2>\n<p>Below are links to other interesting European Union funded projects. These projects\u00a0are all concerned with differing aspects of disaster and risk resilience and\/or management, and can be seen as complementary to the work of CUIDAR.<\/p>\n<p><a href=\"http:\/\/www.carismand.eu\/\" target=\"_blank\" rel=\"noopener\"><strong>CARISMAND &#8211; Culture and RISkmanagement in Man-made And Natural Disasters<\/strong><br \/>\n<\/a>A Horizon 2020 funded project that explores\u00a0the issues of preparedness, response to disasters and after-crisis recovery which is inevitably influenced by cultural background of individuals and the society they live in.<\/p>\n<p><a href=\"http:\/\/www.educenproject.eu\/\" target=\"_blank\" rel=\"noopener\"><strong>EDUCEN &#8211; European Disasters in Urban centres: a Culture Expert Network (3C &#8211; Cities, Cultures, Catastrophes)<\/strong><br \/>\n<\/a>Funded by the Horizon 2020 programme this project\u00a0looks at the role of culture in disaster management\u00a0and risk.<\/p>\n<p><a href=\"http:\/\/www.i-react.eu\/\" target=\"_blank\" rel=\"noopener\"><strong>I-REACT &#8211; Improving Resilience to Emergencies through Advanced Cyber Technologies<\/strong><br \/>\n<\/a>An innovation project funded by the Horizon 2020 programme, this project aims to use social media, smartphones and wearables to improve natural disaster management.<\/p>\n<p><a href=\"http:\/\/www.impact-csa.eu\/\" target=\"_blank\" rel=\"noopener\"><strong>IMPACT &#8211; Impact of Cultural aspects in the management of emergencies in public Transport<\/strong><br \/>\n<\/a>A Horizon 2020 funded project that\u00a0investigates the essential role played cultural factors in managing safety and security issues related to emergencies in public transport systems.<\/p>\n<p><a href=\"http:\/\/www.placard-network.eu\/\" target=\"_blank\" rel=\"noopener\"><strong>PLACARD interchange &#8211; PLAtform for Climate Adaptation and Risk reDuction<\/strong><\/a><br \/>\nAn online hub for dialogue, knowledge exchange and collaboration between the climate change adaptation (CCA) and disaster risk reduction (DRR) communities.<\/p>\n<p><strong><a href=\"https:\/\/www.tacticproject.eu\/\" target=\"_blank\" rel=\"noopener\">TACTIC &#8211; Tools, methods And training for CommuniTies and society to better prepare for a Crisis<br \/>\n<\/a><\/strong>An EU funded project under the Framework 7 programme, completed in April 2016, that aimed to increase preparedness for large-scale and cross-border disasters amongst communities and societies in Europe.<\/p>\n<p><a href=\"https:\/\/knowriskproject.com\/\" target=\"_blank\" rel=\"noopener\"><strong>KnowRISK &#8211; Know your city, Reduce seISmic risK<\/strong><\/a><br \/>\nAn EU funded project under the EC&#8217;s Humanitarian Aid and Civil Protection (ECHO) programme, that tries to facilitate local communities access to expert knowledge on non-structural seismic risk protection solutions. Scientific knowledge is turned into practical knowledge to be used by citizens and to engage communities in disaster risk reduction.<\/p>\n<p><a href=\"http:\/\/www.lifeprimes.eu\/?lang=en\" target=\"_blank\" rel=\"noopener\"><strong>LifePrimes &#8211; Preventing flooding Risks by Making Resilient communitiES<\/strong><\/a>\u00a0(website in Italian and English)<br \/>\nAn EU funded project under the EC&#8217;s LIFE programme,\u00a0the LifePrimes project aims to build resilient communities through their engagement and proactive participation in the operations of early warning and flood risk prevention measures. The project is conceived to respond to the European challenge in the area of adaptation management, in particular early warning integrated systems.<\/p>\n<h2>Resources<\/h2>\n<p>Links to various useful resources and tools:<\/p>\n<h2><strong>1 &#8211; Education Policy: Comprehensive School Safety<\/strong><\/h2>\n<p><a href=\"http:\/\/www.preventionweb.net\/english\/professional\/trainings-events\/edu-materials\/v.php?id=3920\" target=\"_blank\" rel=\"noopener noreferrer\"><strong>Towards a culture of prevention: disaster risk reduction begins at school, good practices and lessons learned<\/strong><\/a>, UNISDR, Geneva, 2007<\/p>\n<h2><strong>2 &#8211; School Disaster Management<\/strong><\/h2>\n<p><a href=\"http:\/\/www.preventionweb.net\/english\/professional\/trainings-events\/edu-materials\/v.php?id=15316\" target=\"_blank\" rel=\"noopener noreferrer\"><strong>School disaster reduction and readiness checklist<\/strong><\/a>, RISK RED, 2010<\/p>\n<p><a href=\"http:\/\/www.preventionweb.net\/english\/professional\/trainings-events\/edu-materials\/v.php?id=13989\" target=\"_blank\" rel=\"noopener noreferrer\"><strong>Disaster and emergency preparedness: guidance for schools<\/strong><\/a>, IFC, World Bank, 2010<\/p>\n<p><a href=\"http:\/\/www.preventionweb.net\/english\/professional\/trainings-events\/edu-materials\/v.php?id=15319\" target=\"_blank\" rel=\"noopener noreferrer\"><strong>School disaster response drills: models and templates<\/strong><\/a>, Risk Red, 2009<\/p>\n<p><a href=\"http:\/\/www.preventionweb.net\/english\/professional\/trainings-events\/edu-materials\/v.php?id=15321\" target=\"_blank\" rel=\"noopener noreferrer\"><strong>An investigation of best practices for evacuating and sheltering individuals with special needs and disabilities<\/strong><\/a>, National Clearinghouse for Educational Facilities, 2005<\/p>\n<h2><strong>3 &#8211; Climate-Smart Disaster Risk Reduction Education<\/strong><\/h2>\n<p><a href=\"http:\/\/www.preventionweb.net\/english\/professional\/trainings-events\/edu-materials\/v.php?id=6653\" target=\"_blank\" rel=\"noopener noreferrer\"><strong>Family disaster plan<\/strong><\/a>, Risk RED, Turkey, 2005<\/p>\n<p><a href=\"http:\/\/www.preventionweb.net\/english\/professional\/trainings-events\/edu-materials\/v.php?id=15323\" target=\"_blank\" rel=\"noopener noreferrer\"><strong>Adaptation and localization &#8211; Guidelines for development of disaster risk reduction public education materials<\/strong><\/a>, Risk RED, 2008<\/p>\n<p><a href=\"http:\/\/www.preventionweb.net\/english\/professional\/trainings-events\/edu-materials\/v.php?id=4453\" target=\"_blank\" rel=\"noopener noreferrer\"><strong>What&#8217;s the plan Stan? A resource for teaching civil defence emergency management in schools<\/strong><\/a>, New Zealand Government, 2009<\/p>\n<p><a href=\"http:\/\/www.preventionweb.net\/english\/professional\/trainings-events\/edu-materials\/v.php?id=13988\" target=\"_blank\" rel=\"noopener noreferrer\"><strong>Disaster and emergency preparedness: activity guide for K-6th grade teachers<\/strong><\/a>, IFC, World Bank, 2010<\/p>\n<p><a href=\"http:\/\/www.educationscotland.gov.uk\/readyforemergencies\/resources\/index.asp\" target=\"_blank\" rel=\"noopener noreferrer\"><strong>Ready for Emergencies? Resilient Education Resources<\/strong><\/a>, Foghlam Alba Education Scotland website<\/p>\n<p><a href=\"http:\/\/www.savethechildren.org\/site\/c.8rKLIXMGIpI4E\/b.9085951\/k.B899\/Get_Ready_Get_Safe_Community.htm#PrepRally\" target=\"_blank\" rel=\"noopener noreferrer\"><strong>Prep Rally Kit, Save the Children USA: Get Ready<\/strong><\/a>, Get Safe Initiative website<\/p>\n<p><a href=\"http:\/\/www.unisdr.org\/2004\/campaign\/pa-camp04-riskland-eng.htm\" target=\"_blank\" rel=\"noopener noreferrer\"><strong>RISKLAND\u00a0Game<\/strong><\/a>, UNISDR &#8211; UNICEF<\/p>\n<p><a href=\"http:\/\/www.unisdr.org\/we\/coordinate\/sendai-framework\" target=\"_blank\" rel=\"noopener noreferrer\"><strong>Sendai Framework for disaster risk reduction for children and Facilitator\u2019s note<\/strong><\/a>, Children in a Changing Climate (Annex I and II)<\/p>\n<h2><strong>4 &#8211; Child-Centered and Child-Participatory Approaches<\/strong><\/h2>\n<p><a href=\"https:\/\/plan-international.org\/childrens-charter-disaster-risk-reduction\" target=\"_blank\" rel=\"noopener noreferrer\"><strong>Children&#8217;s Charter: An Action Plan for Disaster Risk Reduction for Children by Children<\/strong><\/a>, PLAN International, 2010<\/p>\n<p><a href=\"http:\/\/www.preventionweb.net\/english\/professional\/publications\/v.php?id=12085\" target=\"_blank\" rel=\"noopener noreferrer\"><strong>Children and disaster risk reduction: taking stock and moving forward<\/strong><\/a>, UNICEF, 2009<\/p>\n<p><a href=\"https:\/\/plan-international.org\/child-centred-disaster-risk-reduction-toolkit\" target=\"_blank\" rel=\"noopener noreferrer\"><strong>Child Centered Disaster Risk Reduction Toolkit<\/strong><\/a>, PLAN INTERNATIONAL, 2010<\/p>\n<p><a href=\"http:\/\/www.preventionweb.net\/english\/professional\/trainings-events\/edu-materials\/v.php?id=3820\" target=\"_blank\" rel=\"noopener noreferrer\"><strong>Child-led disaster risk reduction: a practical guide<\/strong><\/a>, Save the Children International, 2007<\/p>\n<p><a href=\"https:\/\/www.gdnonline.org\/resources\/ADPC_CDP_COPRAP_toolkit.pdf\" target=\"_blank\" rel=\"noopener noreferrer\"><strong>Child-oriented participatory risk assessment and planning: a toolkit<\/strong><\/a>, Provention \u2013 ADPC, 2007<\/p>\n<p><a href=\"http:\/\/www.preventionweb.net\/files\/16726_16726childrenindisastersgamesandgui.pdf\" target=\"_blank\" rel=\"noopener noreferrer\"><strong>Children in Disasters \u2013 Games and Guidelines to engage youth in risk reduction<\/strong><\/a>, International Federation of Red Cross and Red Crescent Societies, 2010<\/p>\n<p><a href=\"http:\/\/preparecenter.org\/sites\/default\/files\/modulo_1-education_organization_and_preparation_for_risk_reduction_eng.pdf\" target=\"_blank\" rel=\"noopener noreferrer\"><strong>Better be prepared<\/strong><\/a>, International Federation of Red Cross and Red Crescent Societies (IFRC), ProVention Consortium, United Nations Children&#8217;s Fund (UNICEF)<\/p>\n<ul>\n<li><a href=\"http:\/\/www.preventionweb.net\/english\/professional\/trainings-events\/edu-materials\/v.php?id=8410\" target=\"_blank\" rel=\"noopener noreferrer\">Community First Aid<\/a><\/li>\n<li><a href=\"http:\/\/www.preventionweb.net\/english\/professional\/trainings-events\/edu-materials\/v.php?id=8408\" target=\"_blank\" rel=\"noopener noreferrer\">Prepared Family<\/a><\/li>\n<li><a href=\"http:\/\/toolkit.ineesite.org\/toolkit\/INEEcms\/uploads\/1056\/Better_Be_Prepared.pdf\" target=\"_blank\" rel=\"noopener noreferrer\">Better be prepared: Protected School toolkit<\/a><\/li>\n<\/ul>\n<p><a href=\"http:\/\/www.bnhcrc.com.au\/resources\/poster\/1986\" target=\"_blank\" rel=\"noopener noreferrer\"><strong>An Evidence-Based Practice Framework for Children&#8217;s Disaster Education<\/strong><\/a>, Bushfire and Natural Hazards Cooperative Research Centre, 2015 (For Monitoring and Evaluation)<\/p>\n<p><a href=\"http:\/\/www.plan-uk.org\/assets\/documents\/iati\/plan_uk_-_acinonyx_cervidae_hircus_child-led_evaluation_of_the_ppa_programme_in_cambodia.pdf?utm_source=programmes&amp;utm_medium=referral&amp;utm_content=cam-promoting-right-child-eval&amp;utm_campaign=iati-report\" target=\"_blank\" rel=\"noopener noreferrer\"><strong>Child-Led Evaluation of the PPA programme in Cambodia<\/strong><\/a>, Plan International, UK Aid, 2015 (For Monitoring and Evaluation)<\/p>\n<h2><strong>5 &#8211; Additional Resources<\/strong><\/h2>\n<p><a href=\"http:\/\/resourcecentre.savethechildren.se\/library\/arc-resource-pack-actions-rights-children-english-version\" target=\"_blank\" rel=\"noopener noreferrer\"><strong>Action for the rights of children &#8211; resource pack<\/strong><\/a>, ARC, 2010<\/p>\n<p>This comprehensive package for children\u2019s rights contains seven foundation modules. Introductory slides provide an overview of the module. Each topic includes valuable training exercises and handouts. Particularly relevant are: Foundation Module 1,2,4,5,6 and Critical Issue 2 and 3.<\/p>\n<p><a href=\"http:\/\/www.lancaster.ac.uk\/cuidar\/wp-content\/uploads\/2017\/06\/10_Tips_for_helping_children_cope_with_emergencies.pdf\" target=\"_blank\" rel=\"noopener noreferrer\"><strong>10 Tips for How to Help Children Cope with Emergencies<\/strong><\/a>, Save the Children, 2012<\/p>\n<p><a href=\"http:\/\/www.preventionweb.net\/files\/29491_29491comprehensiveschoolsafetytoolk.pdf\" target=\"_blank\" rel=\"noopener noreferrer\"><strong>Comprehensive School Safety: A Toolkit for Development and Humanitarian Actors in the Education Sector<\/strong><\/a>, Save the Children \u2013 UNICEF, 2012<\/p>\n<p><a href=\"http:\/\/www.preventionweb.net\/go\/edu-materials\/\" target=\"_blank\" rel=\"noopener noreferrer\"><strong>PreventionWeb\u2019s Educational Materials Collection (provided by the UN International Strategy for Disaster Reduction)<\/strong><\/a>.<\/p>\n<p>The collection has more than 2000 items on disaster risk reduction and education<\/p>\n<p><strong>InterAgency Network for Education in Emergencies (INEE), Key Thematic Issues:<\/strong><\/p>\n<ul>\n<li><a href=\"http:\/\/toolkit.ineesite.org\/inee_minimum_standards\/implementation_tools\/%3Ch3%3Ekey_thematic_issues%3Ch3%3E\/disaster_risk_reduction\" target=\"_blank\" rel=\"noopener noreferrer\">Disaster Risk Reduction<\/a><\/li>\n<li><a href=\"http:\/\/www.cogssdpe.org\" target=\"_blank\" rel=\"noopener noreferrer\">Coalition for Global School Safety and Disaster Prevention Education (COGSS&amp;DPE)<\/a><\/li>\n<li><a href=\"http:\/\/www.edu4drr.org\" target=\"_blank\" rel=\"noopener noreferrer\">Edu4DRR Teachers\u2019 Network<\/a><\/li>\n<\/ul>\n<p>An extensive collection of Spanish language materials is also available, through <strong><a href=\"http:\/\/educacionygestiondelriesgo.cridlac.org\/\" target=\"_blank\" rel=\"noopener noreferrer\">Centro Regional de Informaci\u00f3n sobre Desastres Am\u00e9rica Latina y El Caribe (CRID) &#8211; Educaci\u00f3n y gesti\u00f3n del riesgo<\/a>.<\/strong><\/p>\n<h2><strong>6 &#8211; Terminology<\/strong><\/h2>\n<p><a href=\"http:\/\/www.unisdr.org\/we\/inform\/terminology\" target=\"_blank\" rel=\"noopener noreferrer\">UNISDR Terminology<\/a><\/p>\n<p><a href=\"http:\/\/www.preventionweb.net\/english\/professional\/terminology\/\" target=\"_blank\" rel=\"noopener noreferrer\">Prevention Web Terminology<\/a><\/p>\n","protected":false},"excerpt":{"rendered":"<p>Links Below are links to other interesting European Union funded projects. These projects\u00a0are all concerned with differing aspects of disaster and risk resilience and\/or management, and can be seen as complementary to the work of CUIDAR. CARISMAND &#8211; Culture and RISkmanagement in Man-made And Natural Disasters A Horizon 2020 funded project that explores\u00a0the issues of<a href=\"https:\/\/www.lancaster.ac.uk\/cuidar\/links\/\">[&#8230;]<\/a><\/p>\n","protected":false},"author":10,"featured_media":0,"parent":0,"menu_order":0,"comment_status":"closed","ping_status":"closed","template":"","meta":{"jetpack_post_was_ever_published":false,"footnotes":""},"tags":[],"class_list":["post-2428","page","type-page","status-publish","hentry"],"jetpack_sharing_enabled":true,"jetpack_shortlink":"https:\/\/wp.me\/P70rsT-Da","_links":{"self":[{"href":"https:\/\/www.lancaster.ac.uk\/cuidar\/wp-json\/wp\/v2\/pages\/2428","targetHints":{"allow":["GET"]}}],"collection":[{"href":"https:\/\/www.lancaster.ac.uk\/cuidar\/wp-json\/wp\/v2\/pages"}],"about":[{"href":"https:\/\/www.lancaster.ac.uk\/cuidar\/wp-json\/wp\/v2\/types\/page"}],"author":[{"embeddable":true,"href":"https:\/\/www.lancaster.ac.uk\/cuidar\/wp-json\/wp\/v2\/users\/10"}],"replies":[{"embeddable":true,"href":"https:\/\/www.lancaster.ac.uk\/cuidar\/wp-json\/wp\/v2\/comments?post=2428"}],"version-history":[{"count":13,"href":"https:\/\/www.lancaster.ac.uk\/cuidar\/wp-json\/wp\/v2\/pages\/2428\/revisions"}],"predecessor-version":[{"id":2795,"href":"https:\/\/www.lancaster.ac.uk\/cuidar\/wp-json\/wp\/v2\/pages\/2428\/revisions\/2795"}],"wp:attachment":[{"href":"https:\/\/www.lancaster.ac.uk\/cuidar\/wp-json\/wp\/v2\/media?parent=2428"}],"wp:term":[{"taxonomy":"post_tag","embeddable":true,"href":"https:\/\/www.lancaster.ac.uk\/cuidar\/wp-json\/wp\/v2\/tags?post=2428"}],"curies":[{"name":"wp","href":"https:\/\/api.w.org\/{rel}","templated":true}]}}