{"id":3711,"date":"2018-05-23T13:35:16","date_gmt":"2018-05-23T12:35:16","guid":{"rendered":"http:\/\/www.lancaster.ac.uk\/cuidar\/?page_id=3711"},"modified":"2018-10-01T14:27:28","modified_gmt":"2018-10-01T13:27:28","slug":"framework-por","status":"publish","type":"page","link":"https:\/\/www.lancaster.ac.uk\/cuidar\/framework-por\/","title":{"rendered":"Um Referencial para a Gest\u00e3o do Risco de Cat\u00e1strofe Centrado nas Crian\u00e7as"},"content":{"rendered":"<p>Na fase final do nosso projeto Horizonte 2020 \u201cCulturas de Resili\u00eancia \u00e0 Cat\u00e1strofe entre Crian\u00e7as e Jovens&#8221; (CUIDAR), um dos resultados mais merecedores de reflex\u00e3o tem sido que as perspetivas e as contribui\u00e7\u00f5es dos mais jovens continuam a ser esquecidas no \u00e2mbito da pol\u00edtica e da pr\u00e1tica da gest\u00e3o de risco de cat\u00e1strofe. No entanto, estes t\u00eam muito a contribuir, como aqui evidenciaremos.<\/p>\n<p>Atrav\u00e9s do CUIDAR e do nosso envolvimento pr\u00e1tico com crian\u00e7as, jovens e agentes de gest\u00e3o de risco de cat\u00e1strofes, procur\u00e1mos encontrar formas de responder a este problema. O CUIDAR partiu da premissa de que as crian\u00e7as e os jovens t\u00eam o direito a serem ouvidas sobre os assuntos que as afetam, nos termos do artigo 12\u00ba da Conven\u00e7\u00e3o das Na\u00e7\u00f5es Unidas sobre os Direitos da Crian\u00e7a (CDC, 1989). Preocupa-nos que a consci\u00eancia deste direito entre os agentes na redu\u00e7\u00e3o e gest\u00e3o do risco de cat\u00e1strofe permane\u00e7a baixa.<\/p>\n<p>Explor\u00e1mos uma s\u00e9rie de riscos espec\u00edficos identificados por grupos de crian\u00e7as e jovens na Gr\u00e9cia, It\u00e1lia, Portugal, Espanha e Reino Unido, a fim de compreender o papel que estas desempenham, ou poderiam desempenhar, ao lidar com esses riscos. Partindo do que estes descobriram e partilharam connosco, constru\u00edmos um referencial para a gest\u00e3o do risco de cat\u00e1strofe centrado nas crian\u00e7as, que aqui apresentamos.<\/p>\n<p>&nbsp;<\/p>\n<h1 style=\"text-align: center;\">Ver &#8211; Aprender &#8211; Agir!<\/h1>\n<h2 style=\"text-align: center;\">VEJA o nosso filme<\/h2>\n<h2 style=\"text-align: center;\">LEIA o\u00a0nosso relat\u00f3rio<\/h2>\n<h2 style=\"text-align: center;\">UTILIZE as nossas ferramentas e recursos<\/h2>\n<h2 style=\"text-align: center;\">TRABALHE COM CRIAN\u00c7AS a n\u00edvel local, regional e nacional<\/h2>\n<p>&nbsp;<\/p>\n<p><a href=\"https:\/\/i0.wp.com\/www.lancaster.ac.uk\/cuidar\/wp-content\/uploads\/2016\/10\/CUIDAR-03.jpg\"><img data-recalc-dims=\"1\" loading=\"lazy\" decoding=\"async\" data-attachment-id=\"1635\" data-permalink=\"https:\/\/www.lancaster.ac.uk\/cuidar\/about-us\/cuidar-03\/\" data-orig-file=\"https:\/\/i0.wp.com\/www.lancaster.ac.uk\/cuidar\/wp-content\/uploads\/2016\/10\/CUIDAR-03.jpg?fit=371%2C364&amp;ssl=1\" data-orig-size=\"371,364\" data-comments-opened=\"0\" data-image-meta=\"{&quot;aperture&quot;:&quot;0&quot;,&quot;credit&quot;:&quot;&quot;,&quot;camera&quot;:&quot;&quot;,&quot;caption&quot;:&quot;&quot;,&quot;created_timestamp&quot;:&quot;0&quot;,&quot;copyright&quot;:&quot;&quot;,&quot;focal_length&quot;:&quot;0&quot;,&quot;iso&quot;:&quot;0&quot;,&quot;shutter_speed&quot;:&quot;0&quot;,&quot;title&quot;:&quot;&quot;,&quot;orientation&quot;:&quot;0&quot;}\" data-image-title=\"cuidar-03\" data-image-description=\"\" data-image-caption=\"\" data-large-file=\"https:\/\/i0.wp.com\/www.lancaster.ac.uk\/cuidar\/wp-content\/uploads\/2016\/10\/CUIDAR-03.jpg?fit=371%2C364&amp;ssl=1\" class=\"alignnone wp-image-1635\" src=\"https:\/\/i0.wp.com\/www.lancaster.ac.uk\/cuidar\/wp-content\/uploads\/2016\/10\/CUIDAR-03.jpg?resize=200%2C196\" alt=\"\" width=\"200\" height=\"196\" srcset=\"https:\/\/i0.wp.com\/www.lancaster.ac.uk\/cuidar\/wp-content\/uploads\/2016\/10\/CUIDAR-03.jpg?resize=300%2C294&amp;ssl=1 300w, https:\/\/i0.wp.com\/www.lancaster.ac.uk\/cuidar\/wp-content\/uploads\/2016\/10\/CUIDAR-03.jpg?resize=73%2C73&amp;ssl=1 73w, https:\/\/i0.wp.com\/www.lancaster.ac.uk\/cuidar\/wp-content\/uploads\/2016\/10\/CUIDAR-03.jpg?w=371&amp;ssl=1 371w\" sizes=\"auto, (max-width: 200px) 100vw, 200px\" \/><\/a>\u00a0<a href=\"https:\/\/i0.wp.com\/www.lancaster.ac.uk\/cuidar\/wp-content\/uploads\/2016\/10\/CUIDAR-05.jpg\"><img data-recalc-dims=\"1\" loading=\"lazy\" decoding=\"async\" data-attachment-id=\"1637\" data-permalink=\"https:\/\/www.lancaster.ac.uk\/cuidar\/about-us\/cuidar-05\/\" data-orig-file=\"https:\/\/i0.wp.com\/www.lancaster.ac.uk\/cuidar\/wp-content\/uploads\/2016\/10\/CUIDAR-05.jpg?fit=367%2C365&amp;ssl=1\" data-orig-size=\"367,365\" data-comments-opened=\"0\" data-image-meta=\"{&quot;aperture&quot;:&quot;0&quot;,&quot;credit&quot;:&quot;&quot;,&quot;camera&quot;:&quot;&quot;,&quot;caption&quot;:&quot;&quot;,&quot;created_timestamp&quot;:&quot;0&quot;,&quot;copyright&quot;:&quot;&quot;,&quot;focal_length&quot;:&quot;0&quot;,&quot;iso&quot;:&quot;0&quot;,&quot;shutter_speed&quot;:&quot;0&quot;,&quot;title&quot;:&quot;&quot;,&quot;orientation&quot;:&quot;0&quot;}\" data-image-title=\"cuidar-05\" data-image-description=\"\" data-image-caption=\"\" data-large-file=\"https:\/\/i0.wp.com\/www.lancaster.ac.uk\/cuidar\/wp-content\/uploads\/2016\/10\/CUIDAR-05.jpg?fit=367%2C365&amp;ssl=1\" class=\"alignnone wp-image-1637\" src=\"https:\/\/i0.wp.com\/www.lancaster.ac.uk\/cuidar\/wp-content\/uploads\/2016\/10\/CUIDAR-05.jpg?resize=200%2C199\" alt=\"\" width=\"200\" height=\"199\" srcset=\"https:\/\/i0.wp.com\/www.lancaster.ac.uk\/cuidar\/wp-content\/uploads\/2016\/10\/CUIDAR-05.jpg?resize=300%2C298&amp;ssl=1 300w, https:\/\/i0.wp.com\/www.lancaster.ac.uk\/cuidar\/wp-content\/uploads\/2016\/10\/CUIDAR-05.jpg?resize=150%2C150&amp;ssl=1 150w, https:\/\/i0.wp.com\/www.lancaster.ac.uk\/cuidar\/wp-content\/uploads\/2016\/10\/CUIDAR-05.jpg?resize=73%2C73&amp;ssl=1 73w, https:\/\/i0.wp.com\/www.lancaster.ac.uk\/cuidar\/wp-content\/uploads\/2016\/10\/CUIDAR-05.jpg?resize=174%2C174&amp;ssl=1 174w, https:\/\/i0.wp.com\/www.lancaster.ac.uk\/cuidar\/wp-content\/uploads\/2016\/10\/CUIDAR-05.jpg?resize=250%2C250&amp;ssl=1 250w, https:\/\/i0.wp.com\/www.lancaster.ac.uk\/cuidar\/wp-content\/uploads\/2016\/10\/CUIDAR-05.jpg?w=367&amp;ssl=1 367w\" sizes=\"auto, (max-width: 200px) 100vw, 200px\" \/><\/a>\u00a0<a href=\"https:\/\/i0.wp.com\/www.lancaster.ac.uk\/cuidar\/wp-content\/uploads\/2016\/10\/CUIDAR-04.jpg\"><img data-recalc-dims=\"1\" loading=\"lazy\" decoding=\"async\" data-attachment-id=\"1636\" data-permalink=\"https:\/\/www.lancaster.ac.uk\/cuidar\/about-us\/cuidar-04\/\" data-orig-file=\"https:\/\/i0.wp.com\/www.lancaster.ac.uk\/cuidar\/wp-content\/uploads\/2016\/10\/CUIDAR-04.jpg?fit=368%2C367&amp;ssl=1\" data-orig-size=\"368,367\" data-comments-opened=\"0\" data-image-meta=\"{&quot;aperture&quot;:&quot;0&quot;,&quot;credit&quot;:&quot;&quot;,&quot;camera&quot;:&quot;&quot;,&quot;caption&quot;:&quot;&quot;,&quot;created_timestamp&quot;:&quot;0&quot;,&quot;copyright&quot;:&quot;&quot;,&quot;focal_length&quot;:&quot;0&quot;,&quot;iso&quot;:&quot;0&quot;,&quot;shutter_speed&quot;:&quot;0&quot;,&quot;title&quot;:&quot;&quot;,&quot;orientation&quot;:&quot;0&quot;}\" data-image-title=\"cuidar-04\" data-image-description=\"\" data-image-caption=\"\" data-large-file=\"https:\/\/i0.wp.com\/www.lancaster.ac.uk\/cuidar\/wp-content\/uploads\/2016\/10\/CUIDAR-04.jpg?fit=368%2C367&amp;ssl=1\" class=\"alignnone wp-image-1636\" src=\"https:\/\/i0.wp.com\/www.lancaster.ac.uk\/cuidar\/wp-content\/uploads\/2016\/10\/CUIDAR-04.jpg?resize=200%2C200\" alt=\"\" width=\"200\" height=\"200\" srcset=\"https:\/\/i0.wp.com\/www.lancaster.ac.uk\/cuidar\/wp-content\/uploads\/2016\/10\/CUIDAR-04.jpg?resize=300%2C300&amp;ssl=1 300w, https:\/\/i0.wp.com\/www.lancaster.ac.uk\/cuidar\/wp-content\/uploads\/2016\/10\/CUIDAR-04.jpg?resize=150%2C150&amp;ssl=1 150w, https:\/\/i0.wp.com\/www.lancaster.ac.uk\/cuidar\/wp-content\/uploads\/2016\/10\/CUIDAR-04.jpg?resize=73%2C73&amp;ssl=1 73w, https:\/\/i0.wp.com\/www.lancaster.ac.uk\/cuidar\/wp-content\/uploads\/2016\/10\/CUIDAR-04.jpg?resize=174%2C174&amp;ssl=1 174w, https:\/\/i0.wp.com\/www.lancaster.ac.uk\/cuidar\/wp-content\/uploads\/2016\/10\/CUIDAR-04.jpg?resize=250%2C250&amp;ssl=1 250w, https:\/\/i0.wp.com\/www.lancaster.ac.uk\/cuidar\/wp-content\/uploads\/2016\/10\/CUIDAR-04.jpg?w=368&amp;ssl=1 368w\" sizes=\"auto, (max-width: 200px) 100vw, 200px\" \/><\/a>\u00a0<a href=\"https:\/\/i0.wp.com\/www.lancaster.ac.uk\/cuidar\/wp-content\/uploads\/2016\/10\/CUIDAR-02.jpg\"><img data-recalc-dims=\"1\" loading=\"lazy\" decoding=\"async\" data-attachment-id=\"1634\" data-permalink=\"https:\/\/www.lancaster.ac.uk\/cuidar\/about-us\/cuidar-02\/\" data-orig-file=\"https:\/\/i0.wp.com\/www.lancaster.ac.uk\/cuidar\/wp-content\/uploads\/2016\/10\/CUIDAR-02.jpg?fit=372%2C366&amp;ssl=1\" data-orig-size=\"372,366\" data-comments-opened=\"0\" data-image-meta=\"{&quot;aperture&quot;:&quot;0&quot;,&quot;credit&quot;:&quot;&quot;,&quot;camera&quot;:&quot;&quot;,&quot;caption&quot;:&quot;&quot;,&quot;created_timestamp&quot;:&quot;0&quot;,&quot;copyright&quot;:&quot;&quot;,&quot;focal_length&quot;:&quot;0&quot;,&quot;iso&quot;:&quot;0&quot;,&quot;shutter_speed&quot;:&quot;0&quot;,&quot;title&quot;:&quot;&quot;,&quot;orientation&quot;:&quot;0&quot;}\" data-image-title=\"cuidar-02\" data-image-description=\"\" data-image-caption=\"\" data-large-file=\"https:\/\/i0.wp.com\/www.lancaster.ac.uk\/cuidar\/wp-content\/uploads\/2016\/10\/CUIDAR-02.jpg?fit=372%2C366&amp;ssl=1\" class=\"alignnone wp-image-1634\" src=\"https:\/\/i0.wp.com\/www.lancaster.ac.uk\/cuidar\/wp-content\/uploads\/2016\/10\/CUIDAR-02.jpg?resize=200%2C196\" alt=\"\" width=\"200\" height=\"196\" srcset=\"https:\/\/i0.wp.com\/www.lancaster.ac.uk\/cuidar\/wp-content\/uploads\/2016\/10\/CUIDAR-02.jpg?resize=300%2C295&amp;ssl=1 300w, https:\/\/i0.wp.com\/www.lancaster.ac.uk\/cuidar\/wp-content\/uploads\/2016\/10\/CUIDAR-02.jpg?resize=73%2C73&amp;ssl=1 73w, https:\/\/i0.wp.com\/www.lancaster.ac.uk\/cuidar\/wp-content\/uploads\/2016\/10\/CUIDAR-02.jpg?w=372&amp;ssl=1 372w\" sizes=\"auto, (max-width: 200px) 100vw, 200px\" \/><\/a><\/p>\n<p>&nbsp;<\/p>\n<p>&nbsp;<\/p>\n","protected":false},"excerpt":{"rendered":"<p>Na fase final do nosso projeto Horizonte 2020 \u201cCulturas de Resili\u00eancia \u00e0 Cat\u00e1strofe entre Crian\u00e7as e Jovens&#8221; (CUIDAR), um dos resultados mais merecedores de reflex\u00e3o tem sido que as perspetivas e as contribui\u00e7\u00f5es dos mais jovens continuam a ser esquecidas no \u00e2mbito da pol\u00edtica e da pr\u00e1tica da gest\u00e3o de risco de cat\u00e1strofe. No entanto,<a href=\"https:\/\/www.lancaster.ac.uk\/cuidar\/framework-por\/\">[&#8230;]<\/a><\/p>\n","protected":false},"author":10,"featured_media":0,"parent":0,"menu_order":0,"comment_status":"closed","ping_status":"closed","template":"","meta":{"jetpack_post_was_ever_published":false,"footnotes":""},"tags":[],"class_list":["post-3711","page","type-page","status-publish","hentry"],"jetpack_sharing_enabled":true,"jetpack_shortlink":"https:\/\/wp.me\/P70rsT-XR","_links":{"self":[{"href":"https:\/\/www.lancaster.ac.uk\/cuidar\/wp-json\/wp\/v2\/pages\/3711","targetHints":{"allow":["GET"]}}],"collection":[{"href":"https:\/\/www.lancaster.ac.uk\/cuidar\/wp-json\/wp\/v2\/pages"}],"about":[{"href":"https:\/\/www.lancaster.ac.uk\/cuidar\/wp-json\/wp\/v2\/types\/page"}],"author":[{"embeddable":true,"href":"https:\/\/www.lancaster.ac.uk\/cuidar\/wp-json\/wp\/v2\/users\/10"}],"replies":[{"embeddable":true,"href":"https:\/\/www.lancaster.ac.uk\/cuidar\/wp-json\/wp\/v2\/comments?post=3711"}],"version-history":[{"count":6,"href":"https:\/\/www.lancaster.ac.uk\/cuidar\/wp-json\/wp\/v2\/pages\/3711\/revisions"}],"predecessor-version":[{"id":4177,"href":"https:\/\/www.lancaster.ac.uk\/cuidar\/wp-json\/wp\/v2\/pages\/3711\/revisions\/4177"}],"wp:attachment":[{"href":"https:\/\/www.lancaster.ac.uk\/cuidar\/wp-json\/wp\/v2\/media?parent=3711"}],"wp:term":[{"taxonomy":"post_tag","embeddable":true,"href":"https:\/\/www.lancaster.ac.uk\/cuidar\/wp-json\/wp\/v2\/tags?post=3711"}],"curies":[{"name":"wp","href":"https:\/\/api.w.org\/{rel}","templated":true}]}}