{"id":676,"date":"2016-03-21T12:50:19","date_gmt":"2016-03-21T12:50:19","guid":{"rendered":"http:\/\/www.lancaster.ac.uk\/cuidar\/?page_id=676"},"modified":"2016-12-07T16:56:35","modified_gmt":"2016-12-07T16:56:35","slug":"aims-objectives-potuguese","status":"publish","type":"page","link":"https:\/\/www.lancaster.ac.uk\/cuidar\/aims-objectives-potuguese\/","title":{"rendered":"Objetivos"},"content":{"rendered":"<p>CUIDAR \u00e9 um projeto europeu que pretende aumentar a resili\u00eancia das crian\u00e7as, dos jovens e das sociedades urbanas \u00e0s cat\u00e1strofes e permitir que os profissionais de resposta a emerg\u00eancias v\u00e3o ao encontro das necessidades das crian\u00e7as e jovens de forma mais eficaz.<\/p>\n<h2>Os objetivos do CUIDAR:<\/h2>\n<ul>\n<li style=\"padding-bottom: 20px;\">Compreender melhor a perce\u00e7\u00e3o de risco, as necessidades e as capacidades das crian\u00e7as e dos jovens nas sociedades urbanas em rela\u00e7\u00e3o \u00e0s cat\u00e1strofes.<\/li>\n<li style=\"padding-bottom: 20px;\">Fortalecer a compreens\u00e3o das crian\u00e7as em rela\u00e7\u00e3o \u00e0s emerg\u00eancias e \u00e0s a\u00e7\u00f5es que podem desenvolver para se prepararem, para prepararem as suas fam\u00edlias e as suas comunidades.<\/li>\n<li style=\"padding-bottom: 20px;\">Aumentar a sensibiliza\u00e7\u00e3o e o conhecimento sobre as necessidades das crian\u00e7as e dos jovens em situa\u00e7\u00f5es de cat\u00e1strofe entre os profissionais de resposta a emerg\u00eancias e entre os decisores pol\u00edticos.<\/li>\n<li style=\"padding-bottom: 20px;\">Estimular uma comunica\u00e7\u00e3o mais eficaz entre os profissionais de resposta a emerg\u00eancias, as crian\u00e7as e os jovens em contexto urbano.<\/li>\n<li style=\"padding-bottom: 20px;\">Melhorar a estrutura de gest\u00e3o de cat\u00e1strofes, as pol\u00edticas e as pr\u00e1ticas, de forma a integrar as necessidades particulares das crian\u00e7as e jovens quando envolvidas em situa\u00e7\u00f5es de cat\u00e1strofes urbanas.<\/li>\n<\/ul>\n<p style=\"text-align: justify;\">\n","protected":false},"excerpt":{"rendered":"<p>CUIDAR \u00e9 um projeto europeu que pretende aumentar a resili\u00eancia das crian\u00e7as, dos jovens e das sociedades urbanas \u00e0s cat\u00e1strofes e permitir que os profissionais de resposta a emerg\u00eancias v\u00e3o ao encontro das necessidades das crian\u00e7as e jovens de forma mais eficaz. Os objetivos do CUIDAR: Compreender melhor a perce\u00e7\u00e3o de risco, as necessidades e<a href=\"https:\/\/www.lancaster.ac.uk\/cuidar\/aims-objectives-potuguese\/\">[&#8230;]<\/a><\/p>\n","protected":false},"author":1,"featured_media":0,"parent":0,"menu_order":0,"comment_status":"closed","ping_status":"closed","template":"","meta":{"jetpack_post_was_ever_published":false,"footnotes":""},"tags":[],"class_list":["post-676","page","type-page","status-publish","hentry"],"jetpack_sharing_enabled":true,"jetpack_shortlink":"https:\/\/wp.me\/P70rsT-aU","_links":{"self":[{"href":"https:\/\/www.lancaster.ac.uk\/cuidar\/wp-json\/wp\/v2\/pages\/676","targetHints":{"allow":["GET"]}}],"collection":[{"href":"https:\/\/www.lancaster.ac.uk\/cuidar\/wp-json\/wp\/v2\/pages"}],"about":[{"href":"https:\/\/www.lancaster.ac.uk\/cuidar\/wp-json\/wp\/v2\/types\/page"}],"author":[{"embeddable":true,"href":"https:\/\/www.lancaster.ac.uk\/cuidar\/wp-json\/wp\/v2\/users\/1"}],"replies":[{"embeddable":true,"href":"https:\/\/www.lancaster.ac.uk\/cuidar\/wp-json\/wp\/v2\/comments?post=676"}],"version-history":[{"count":4,"href":"https:\/\/www.lancaster.ac.uk\/cuidar\/wp-json\/wp\/v2\/pages\/676\/revisions"}],"predecessor-version":[{"id":2086,"href":"https:\/\/www.lancaster.ac.uk\/cuidar\/wp-json\/wp\/v2\/pages\/676\/revisions\/2086"}],"wp:attachment":[{"href":"https:\/\/www.lancaster.ac.uk\/cuidar\/wp-json\/wp\/v2\/media?parent=676"}],"wp:term":[{"taxonomy":"post_tag","embeddable":true,"href":"https:\/\/www.lancaster.ac.uk\/cuidar\/wp-json\/wp\/v2\/tags?post=676"}],"curies":[{"name":"wp","href":"https:\/\/api.w.org\/{rel}","templated":true}]}}

<p>CUIDAR é um projeto europeu que pretende aumentar a resiliência das crianças, dos jovens e das sociedades urbanas às catástrofes e permitir que os profissionais de resposta a emergências vão ao encontro das necessidades das crianças e jovens de forma mais eficaz.</p>
<h2>Os objetivos do CUIDAR:</h2>
<ul>
<li style="padding-bottom: 20px;">Compreender melhor a perceção de risco, as necessidades e as capacidades das crianças e dos jovens nas sociedades urbanas em relação às catástrofes.</li>
<li style="padding-bottom: 20px;">Fortalecer a compreensão das crianças em relação às emergências e às ações que podem desenvolver para se prepararem, para prepararem as suas famílias e as suas comunidades.</li>
<li style="padding-bottom: 20px;">Aumentar a sensibilização e o conhecimento sobre as necessidades das crianças e dos jovens em situações de catástrofe entre os profissionais de resposta a emergências e entre os decisores políticos.</li>
<li style="padding-bottom: 20px;">Estimular uma comunicação mais eficaz entre os profissionais de resposta a emergências, as crianças e os jovens em contexto urbano.</li>
<li style="padding-bottom: 20px;">Melhorar a estrutura de gestão de catástrofes, as políticas e as práticas, de forma a integrar as necessidades particulares das crianças e jovens quando envolvidas em situações de catástrofes urbanas.</li>
</ul>
<p style="text-align: justify;">

<p>CUIDAR é um projeto europeu que pretende aumentar a resiliência das crianças, dos jovens e das sociedades urbanas às catástrofes e permitir que os profissionais de resposta a emergências vão ao encontro das necessidades das crianças e jovens de forma mais eficaz. Os objetivos do CUIDAR: Compreender melhor a perceção de risco, as necessidades e<a href="https://www.lancaster.ac.uk/cuidar/aims-objectives-potuguese/">[&#8230;]</a></p>
