{"id":781,"date":"2016-03-23T11:51:41","date_gmt":"2016-03-23T11:51:41","guid":{"rendered":"http:\/\/www.lancaster.ac.uk\/cuidar\/?page_id=781"},"modified":"2019-03-12T15:16:55","modified_gmt":"2019-03-12T14:16:55","slug":"publications-pt","status":"publish","type":"page","link":"https:\/\/www.lancaster.ac.uk\/cuidar\/publications-pt\/","title":{"rendered":"Publications"},"content":{"rendered":"<p>Related publications by members of the CUIDAR consortium on disaster risk, recovery and resilience<\/p>\n<p><strong>Disaster Recovery<\/strong><\/p>\n<p><a href=\"https:\/\/www.sciencedirect.com\/science\/article\/pii\/S1353829217310511\" target=\"_blank\" rel=\"noopener noreferrer\">Mort. M., Walker, M., Lloyd Williams, A., Bingley, A., 2018, Displacement: Critical insights from flood-affected children. <em>Health and Place<\/em>, Volume 52 (July 2018), p.148-154<\/a><\/p>\n<p><a href=\"https:\/\/link.springer.com\/article\/10.1007\/s13753-017-0138-5\" rel=\"noopener\">Delicado, A., Rowland, J., Fonseca, S., Almeida, A. N., Schmidt, L., Ribeiro, A. S., 2017. Children in Disaster Risk Reduction in Portugal: Policies, Education and (Non) Participation.\u00a0<em>International Journal of Disaster Risk Science,\u00a0<\/em>8:3, pp. 246-257<\/a><\/p>\n<p><a href=\"http:\/\/journals.sagepub.com\/home\/epc\" target=\"_blank\" rel=\"noopener noreferrer\">Mort, M., Walker, M., Lloyd Williams, A., Bingley, A. F., 2017. From victims to actors: The role of children and young people in flood recovery and resilience.\u00a0<em>Environment and Planning C: Politics and Space,\u00a0<\/em>36:3 p.443-442<\/a><\/p>\n<p><a href=\"http:\/\/www.lancaster.ac.uk\/cuidar\/wp-content\/uploads\/2015\/12\/Technologies-of-Recovery-plans-practices-and-entangled-politics-in-disaster.pdf\" target=\"_blank\" rel=\"noopener noreferrer\">Easthope, L., Mort, M., 2014. Technologies of Recovery: plans practices and entangled politics in disaster.\u00a0<em>Sociological Review<\/em>, 62, 1, 135-158<\/a><\/p>\n<p><a href=\"http:\/\/www.lancaster.ac.uk\/cuidar\/wp-content\/uploads\/2015\/12\/Bingley-2012-Touching-space-in-hurt-and-healing-Chapter-3.pdf\" target=\"_blank\" rel=\"noopener noreferrer\">Bingley, A.F., 2012. Touching space in hurt and healing: exploring experiences of\u00a0illness and recovery through tactile art, in: Paterson, M., Dodge, M. (Eds.),\u00a0<em>Touching Space, Placing Touch.<\/em><em>\u00a0<\/em>Ashgate, pp. 71-88<\/a><\/p>\n<p><a href=\"http:\/\/www.sciencedirect.com\/science\/article\/pii\/S1353829207000111\" target=\"_blank\" rel=\"noopener noreferrer\">Milligan, C., Bingley, A. F., 2007. Restorative places or scary spaces? The impact of\u00a0woodland on the mental well-being of young adults.\u00a0<em>Health &amp; Place<\/em>, 13, 799-811<\/a><\/p>\n<p><a href=\"http:\/\/www.tandfonline.com\/doi\/abs\/10.1080\/14649360309081\" target=\"_blank\" rel=\"noopener noreferrer\">Bingley, A. F., 2003. In here and out there: sensations between self and landscape.\u00a0<em>Social and Cultural Geography<\/em>, 4:3, 329-345<\/a><\/p>\n<p><strong>Disaster Research<\/strong><\/p>\n<p><a href=\"http:\/\/eu.wiley.com\/WileyCDA\/WileyTitle\/productCd-1118531396.html\">Rodr\u00edguez-Giralt, I., 2015. Birds as lines: The production of alternative regimes of environmental management in the aftermath of a toxic disaster.<em>Geoforum<\/em>,\u00a0<em>66<\/em>, pp. 156-166.<\/a><\/p>\n<p><a href=\"http:\/\/eu.wiley.com\/WileyCDA\/WileyTitle\/productCd-1118531396.html\">Tironi, M., Rodriguez-Giralt, I., Guggenheim, M., 2014. Disasters and Politics: Materials, Experiments, Preparedness.\u00a0Wiley-Blackwell<\/a><\/p>\n<p><a href=\"https:\/\/www.academia.edu\/6723355\/Creole_Interferences_A_Conflict_over_Biodiversity_and_Ownership_in_the_South_of_Brazil\" target=\"_blank\" rel=\"noopener noreferrer\">Delgado, A., Rodr\u00edguez-Giralt, I., 2014. Creole interferences: a conflict over biodiversity and ownership in the South of Brazil, in: Medina, E., Holmes, C., Marques, I., (Eds.) Beyond Importe Magic: Essays on Science, Technology and Society in Latin America. <em>MIT Press<\/em>, ISBN 978-02-62526-20-3<\/a><\/p>\n<p><a href=\"https:\/\/www.academia.edu\/6529512\/Disasters_as_meshworks_migratory_birds_and_the_enlivening_of_Do%C3%B1anas_toxic_spill\" target=\"_blank\" rel=\"noopener noreferrer\">Rodr\u00edguez-Giralt, I., Tirado, F., Tironi, M., 2014. Disasters as meshworks: migratory birds and the enlivening of Do\u00f1ana&#8217;s toxic spill. <em>The Sociological Review<\/em>, 62, pp. 38-60. ISSN 1467-954X<\/a><\/p>\n<p>Schmidt, L., Gomes, C., Guerreiro, S., O&#8217;Riordan, T., 2014. Are we all on the same boat? The challenge of adaptation facing Portuguese coastal communities: Risk perception, trust-building and genuine participation. <em>Land Use Policy<\/em>, 38, pp. 355-365<\/p>\n<p>Schmidt, L., Horta, A., Correia, A., Fonseca, S., 2014. Generational Gaps and Paradoxes Regarding Electricity Consumption and Saving. <em>Nature and Culture<\/em>, 9(2), pp. 183-203<\/p>\n<p>Horta, A., Wilhite, H., Schmidt, L., Bartiaux, F., 2014. Socio-technical and Cultural Approaches to Energy Consumption: An Introduction. <em>Nature and Culture<\/em>, 9(2), pp. 115-121<\/p>\n<p>Carvalho, A., Schmidt, L., Santos, F. D., Delicado, A., 2014. Climate change research and policy in Portugal. <em>Wiley Interdisciplinary Reviews: Climate Change<\/em>, 5, pp. 199-217<\/p>\n<p>Schmidt, L., Delicado, A., 2013. Change in the way we live and plan the coast: stakeholder\u2019s discussions on future scenarios and adaptation strategies. <em>Journal of Coastal Research<\/em>, Special Issue 65, pp. 1033-1038<\/p>\n<p>Schmidt, L., Prista, P., Saraiva, T., O&#8217;Riordan, T., Gomes, C., 2013. Adapting governance for coastal change in Portugal. <em>Land Use Policy<\/em>, 31, pp. 314-325<\/p>\n<p>Schmidt, L., Delicado, A., Gomes, C., Granjo, P., Guerreiro, S., Horta, A., Mourato, J., Prista, P., Saraiva, T., Truninger, M., O&#8217;Riordan, T., Santos, F. D., Penha-Lopes, G., 2013. Change in the way we live and plan the coast: stakeholders discussions on future scenarios and adaptation strategies. <em>Journal of Coastal Research<\/em>, Special Issue 65, pp. 1033-1038<\/p>\n<p><a href=\"https:\/\/www.academia.edu\/468271\/Social_Movements_as_Actor-Networks_Prospects_for_a_Symmetrical_Approach_to_Do%C3%B1ana_s_Environmentalist_Protests\" target=\"_blank\" rel=\"noopener noreferrer\">Rodr\u00edguez-Giralt, I., 2011. Social movements as actor-networks: prospects for a symmetrical approach to Do\u00f1ana\u2019s Environmental Protest. <em>Convergencia. Revista de ciencias Sociales<\/em>, 56, pp. 13-35<\/a><\/p>\n<p><strong>Flooding<\/strong><\/p>\n<p><a href=\"https:\/\/www.berghahnjournals.com\/view\/journals\/transfers\/7\/3\/trans070307.xml\" target=\"_blank\" rel=\"noopener noreferrer\">Lloyd Williams, A. S.,\u00a0Bingley, A. F.,\u00a0Walker, M. P.,\u00a0Mort, M. M. E.\u00a0&amp; Howells, V., \u201cThat\u2019s where I first saw the water\u2026\u201d: mobilizing children\u2019s voices in UK flood risk management.\u00a0<span class=\"date\">1\/12\/2017<\/span>\u00a0<span class=\"journal\">In:\u00a0<em>Transfers<\/em>.<\/span>\u00a0<span class=\"volume\">7\u00a0<\/span>,\u00a0<span class=\"journalnumber\">3<\/span>,\u00a0<span class=\"pages\">p. 76-93<\/span>\u00a0<span class=\"numberofpages\">18 p.\u00a0<\/span><\/a><\/p>\n<p><a href=\"http:\/\/onlinelibrary.wiley.com\/doi\/10.1111\/jfr3.12098\/abstract;jsessionid=5D8EE811164349BE576F171A9EC5EB05.f02t04\" target=\"_blank\" rel=\"noopener noreferrer\">Medd, W., Deeming, H., Walker, G., Whittle, R., Mort, M., Twigger-Ross, C., Walker, M., Watson, N., Kashefi, E., 2015.\u00a0The flood recovery gap: a real-time study of local recovery\u00a0following the floods of June 2007 in Hull, North East England.\u00a0<em>Journal of Flood Risk Management, <\/em>8 (4) pp. 315-328<\/a><\/p>\n<p><a href=\"http:\/\/www.boydellandbrewer.com\/store\/viewItem.asp?idProduct=14642\" target=\"_blank\" rel=\"noopener noreferrer\">Whittle, R., Medd, W., Mort, M., Deeming, H., Walker, M., Twigger-Ross, C., Walker, G., Watson, N., 2014. Placing the flood recovery process, in: Convery, I., Corsane, G., Davis, P., (Eds.)\u00a0<em>Displaced heritage: responses to disaster, trauma and loss.<\/em>\u00a0The Boydell Press, Woodbridge, pp. 199-206<\/a><\/p>\n<p><a href=\"http:\/\/www.lancaster.ac.uk\/fass\/wp\/cuidar-hub\/wp-content\/uploads\/2015\/12\/It-came-up-to-here-Walker-et-al.pdf\">Walker, M., Whittle, R., Medd, W., Burningham, K., Moran-Ellis, J., Tapsell, S., 2012. \u2018It came up to here\u2019: learning from children&#8217;s flood narratives.\u00a0<em>Children&#8217;s Geographies<\/em>. 10:2, 135-150<\/a><\/p>\n<p><a href=\"http:\/\/www.lancaster.ac.uk\/fass\/wp\/cuidar-hub\/wp-content\/uploads\/2015\/12\/Flood-of-Emotions-Whittle-et-al.pdf\">Whittle, R., Walker, M., Medd, W., Mort, M., 2012. Flood of Emotions: Emotional\u00a0Work and Long-Term Disaster Recovery.\u00a0<em>Emotion, Space and Society<\/em>, 5, 60-69<\/a><\/p>\n<p><a href=\"http:\/\/www.lancaster.ac.uk\/fass\/wp\/cuidar-hub\/wp-content\/uploads\/2015\/12\/When-a-Home-Becomes-a-house-Care-and-Caring-in-the-Flood-Recovery-Process.pdf\">Sims, R., Medd, W., Mort, M., Twigger-Ross, C., 2009. When a Home becomes a<\/a>\u00a0<a href=\"http:\/\/www.lancaster.ac.uk\/fass\/wp\/cuidar-hub\/wp-content\/uploads\/2015\/12\/When-a-Home-Becomes-a-house-Care-and-Caring-in-the-Flood-Recovery-Process.pdf\">House: Care and Caring in the Flood Recovery Process.\u00a0<em>Space and Culture<\/em>, 12, 3,<\/a>\u00a0<a href=\"http:\/\/www.lancaster.ac.uk\/fass\/wp\/cuidar-hub\/wp-content\/uploads\/2015\/12\/When-a-Home-Becomes-a-house-Care-and-Caring-in-the-Flood-Recovery-Process.pdf\">303-316.<\/a><\/p>\n<p><a href=\"http:\/\/www.lancaster.ac.uk\/cuidar\/wp-content\/uploads\/2015\/12\/Lancaster_University__Response_to_DEFRA_Flood_Framework_Consultation.pdf\">Sims, R., Medd, W., Mort, M., Twigger-Ross, C., Walker, G., Watson, N., 2009. Locally appropriate response and recovery \u2013 submission by Lancaster University for Defra consultation on the National Flood Emergency Framework.\u00a0<em>Lancaster,<\/em>\u00a0UK<\/a><\/p>\n<p><a href=\"http:\/\/www.lancaster.ac.uk\/cuidar\/wp-content\/uploads\/2015\/12\/Response_to_DEFRA_Consultation_on_Draft_Flood_and_Water_Management_Bill.pdf\">Sims, R., Medd, W., Mort, M., Twigger-Ross, C., Walker, G., Watson, N., 2009. Submission by Lancaster University for Defra consultation on the Draft Flood and Water Management Bill.\u00a0<em>Lancaster<\/em><\/a><\/p>\n<p><a href=\"http:\/\/www.lancaster.ac.uk\/cuidar\/wp-content\/uploads\/2015\/12\/Lancaster_University__Response_to_DEFRA_Flood_Framework_Consultation.pdf\">Sims, R., Medd, W., Mort, M., Watson, N., Walker, G., Twigger-Ross, C., 2008. Perspectives on resilience from households in Hull \u2013 response to Defra consultation on policy options for promoting property-level flood protection and resilience.\u00a0<em>Lancaster,<\/em>\u00a0UK<\/a><\/p>\n<p><strong>Foot and Mouth Disease<\/strong><\/p>\n<p><a href=\"http:\/\/www.lancaster.ac.uk\/cuidar\/wp-content\/uploads\/2015\/12\/Lancaster_University__Response_to_DEFRA_Flood_Framework_Consultation.pdf\">Convery, I., Mort, M., Baxter, J., Bailey, C., 2008. Animal Disease and Human Trauma: Emotional Geographies of Disaster.\u00a0<em>Palgrave Macmillan<\/em>, Basingstoke<\/a><\/p>\n<p><a href=\"http:\/\/www.lancaster.ac.uk\/cuidar\/wp-content\/uploads\/2015\/12\/Animal-disease-and-human-trauma-psychosocial-implications.pdf\" target=\"_blank\" rel=\"noopener noreferrer\">Mort, M., Convery, I., Baxter, J., Bailey, C., 2008. Animal disease and human trauma: the psychosocial implications of the 2001 UK foot and mouth disease disaster.\u00a0<em>Journal of Applied Animal Welfare Science<\/em>, vol 11, no. 2, pp. 133-148<\/a><\/p>\n<p><a href=\"http:\/\/trauma.massey.ac.nz\/issues\/2007-2\/convery.htm\" target=\"_blank\" rel=\"noopener noreferrer\">Convery, I., Mort, M., Bailey, C., Baxter, J., 2007. Role Stress in Front Line\u00a0Workers during the 2001 Foot &amp; Mouth Disease Epidemic: The Value of Therapeutic\u00a0Spaces.\u00a0<em>Australasian Journal of Disaster and Trauma Studies<\/em>, 2 1-31<\/a><\/p>\n<p><a href=\"http:\/\/www.lancaster.ac.uk\/cuidar\/wp-content\/uploads\/2015\/12\/Different-public-health-geographies-of-the-2001-foot-and-mouth-disease-epidemic-citizen-vs-professional-epidemiology.pdf\">Bailey, C., Convery, I., Mort, M., Baxter, J., 2006. Different public health geographies of the 2001 foot and mouth disease epidemic : &#8216;citizen&#8217; versus &#8216;professional&#8217; epidemiology.\u00a0<em>Health and Place<\/em>, vol 12, no. 2, pp. 157-166<\/a><\/p>\n<p><a href=\"http:\/\/www.lancaster.ac.uk\/cuidar\/wp-content\/uploads\/2015\/12\/Death-in-the-wrong-place.pdf\">Convery, I., Bailey, C., Mort, M., Baxter, J., 2005. Death in the wrong place? Emotional geographies of the UK 2001 foot and mouth disease epidemic.\u00a0<em>Journal of Rural Studies<\/em>, vol 21, no. 1, pp. 99-109<\/a><\/p>\n<p><a href=\"http:\/\/www.lancaster.ac.uk\/fass\/wp\/cuidar-hub\/wp-content\/uploads\/2015\/12\/Psychosocial-effects-of-the-2001-UK-foot-and-mouth-disease-epidemic-in-a-rural-population-qualitative-diary-based-study.pdf\">Mort, M., Convery, I., Baxter, J., Bailey, C., 2005. Psychosocial Effects of the 2001 UK<\/a><a href=\"http:\/\/www.lancaster.ac.uk\/fass\/wp\/cuidar-hub\/wp-content\/uploads\/2015\/12\/Psychosocial-effects-of-the-2001-UK-foot-and-mouth-disease-epidemic-in-a-rural-population-qualitative-diary-based-study.pdf\">\u00a0Foot &amp; Mouth Disease Epidemic in a Rural Population: A Qualitative Diary\u00a0<\/a><a href=\"http:\/\/www.lancaster.ac.uk\/fass\/wp\/cuidar-hub\/wp-content\/uploads\/2015\/12\/Psychosocial-effects-of-the-2001-UK-foot-and-mouth-disease-epidemic-in-a-rural-population-qualitative-diary-based-study.pdf\"><em>Based Study. British Medical Journal<\/em>, 331:1234<\/a><\/p>\n<p><strong>Resilience<\/strong><\/p>\n<p><a href=\"http:\/\/www.lancaster.ac.uk\/cuidar\/wp-content\/uploads\/2015\/12\/Resilience-in-resource-poor-settings.pdf\" target=\"_blank\" rel=\"noopener noreferrer\">Bingley, A. F., McDermott, E., 2007. Resilience in resource-poor settings, in: Monroe, B., Oliviere, D., (Ed.)\u00a0<em>Resilience in palliative care: achievement in adversity.<\/em>\u00a0Oxford University Press, Oxford, pp. 261-279<\/a><\/p>\n<p><strong>Children, Disability and Education<\/strong><\/p>\n<p>Argyropoulos, V., Thymakis, P., under publication. Multiple Disabilities and Visual Impairment: An Action Research Project. <em>Journal of Visual Impairment and Blindness<\/em><\/p>\n<p>Argyropoulos, V., Sideridis, G., Papadimitriou, V., 2014. Hand Preference of Individuals with Blindness in Everyday Activities: The Effects of Age of Sight Loss, Age and Gender. <em>Research in Developmental Disabilities<\/em>, 35(8), pp. 1885-1898.<\/p>\n<p>Argyropoulos, V., Nikolaraizi, M., Tsiakali, T., Kountrias, P., Koutsogiorgou, S., Martos, A., 2014. Collaborative Action Research Approach Promoting Professional Development for Teachers of Students with Visual Impairment in Assistive Technology. <em>Journal of International Special Needs Education<\/em>, 17(1), pp. 33-43<\/p>\n<p>Kanari, H., Argyropoulos, V., 2013. Educational Museum Programs for Children with Visual Disabilities. <em>The International Journal of the Inclusive Museum<\/em>, 6(3), pp. 13-26<\/p>\n<p><a href=\"http:\/\/library.iated.org\/view\/NIKOLARAIZI2013ACT\" target=\"_blank\" rel=\"noopener noreferrer\">Nikolaraizi, M., Argyropoulos, V., Christianou, J., 2013. Action Research in Tertiary Education: A case study of a student with visual disability. <em>Proceedings of the 6th International Conference of Education, Research and Innovation<\/em>. Seville, Spain, pp.1727-1732<\/a><\/p>\n<p><a href=\"https:\/\/library.iated.org\/view\/NIKOLARAIZI2013ROL\" target=\"_blank\" rel=\"noopener noreferrer\">Nikolaraizi, M., Karagianni, K., Filippatou, D., 2013. The role of peer tutoring for students with and without disabilities in higher education. <em>Proceedings of the fifth Annual International Conference on Education and New Learning Technologies.<\/em> Barcelona, Spain, pp.6328-6334<\/a><\/p>\n<p><a href=\"http:\/\/www.pubfacts.com\/detail\/23505841\/Investigating-deaf-students-use-of-visual-multimedia-resources-in-reading-comprehension\" target=\"_blank\" rel=\"noopener noreferrer\">Nikolaraizi, M., Vekiri, I., Easterbrooks, S., 2013. Investigating deaf students\u2019 use of visual multimedia resources in reading comprehension. <em>American Annals of the Deaf<\/em>, 157, pp. 458-473<\/a><\/p>\n<p><a href=\"https:\/\/www.researchgate.net\/publication\/226088380_The_design_of_a_software_to_enhance_the_reading_comprehension_skills_of_deaf_students_An_integration_of_multiple_theoretical_perspectives\" target=\"_blank\" rel=\"noopener noreferrer\">Nikolaraizi, M., Vekiri, I., 2012. The design of software to enhance the reading comprehension of deaf children: An integration of multiple theoretical perspectives. <em>Education and Information Technologies<\/em>, 17, pp. 167-185<\/a><\/p>\n<p><a href=\"http:\/\/aei.sagepub.com\/content\/37\/3\/171\" target=\"_blank\" rel=\"noopener noreferrer\">Argyropoulos, V., Sideridis, G. D., Botsas, G., Padeliadu, S., 2012. Assessing Self-Regulation in Individuals with Visual Impairments: Generality versus Specificity in Self-Regulatory Functioning. <em>Assessment for Effective Intervention<\/em>, 37(3), pp. 171-182<\/a><\/p>\n<p><a href=\"https:\/\/muse.jhu.edu\/journals\/american_annals_of_the_deaf\/v155\/155.5.hadjikakou.pdf\" target=\"_blank\" rel=\"noopener noreferrer\">Hadjikakou, K., Nikolaraizi, M., 2011. Deaf clubs today: Do they still have a role to play? The cases of Cyprus and Greece. <em>American Annals of the Deaf<\/em>, 155, pp. 605-616<\/a><\/p>\n<p><strong>Children\u2019s Participation and Children&#8217;s Studies<\/strong><\/p>\n<p><a href=\"https:\/\/www.dropbox.com\/s\/w179yktpyvwb9u1\/ICUR2016_Proceedings_Delicado_etal.pdf?dl=0\" target=\"_blank\" rel=\"noopener noreferrer\">Delicado, A., Rowland, J., Fonseca, S., Almeida, A. N. and Schmidt, L., 2016. Including children in the governance of urban risks. ICUR2016 Proceedings International Conference on Urban Risks, Lisbon, June-July, pp. 949-956<\/a>\u00a0(Full ICUR2016 Conference Proceedings can be found\u00a0<a href=\"http:\/\/www.ceru-europa.pt\/icur2016\/ICUR2016_Proceedings.pdf\" target=\"_blank\" rel=\"noopener noreferrer\">here<\/a>)<\/p>\n<p><a href=\"http:\/\/www.lancaster.ac.uk\/cuidar\/wp-content\/uploads\/2016\/01\/CUIDAR-Book-Chapter-Portuguese.pdf\" target=\"_blank\" rel=\"noopener noreferrer\">Delicado, A., Rowland, J., Almeida, A. N., Schmidt, L., 2015. As cat\u00e1strofes ilustrades pelas criancas: uma abordagem explorat\u00f3rio, in: Ferr\u00e3o, J., Horta, A., (Coord.), <em>Ambiente, Territ<\/em><\/a><em><a href=\"http:\/\/www.lancaster.ac.uk\/cuidar\/wp-content\/uploads\/2016\/01\/CUIDAR-Book-Chapter-Portuguese.pdf\">\u00f3<\/a><a href=\"http:\/\/www.lancaster.ac.uk\/cuidar\/wp-content\/uploads\/2016\/01\/CUIDAR-Book-Chapter-Portuguese.pdf\">rio e Sociedade: novas agendas de investiga\u00e7<\/a><a href=\"http:\/\/www.lancaster.ac.uk\/cuidar\/wp-content\/uploads\/2016\/01\/CUIDAR-Book-Chapter-Portuguese.pdf\">\u00e3<\/a><\/em><a href=\"http:\/\/www.lancaster.ac.uk\/cuidar\/wp-content\/uploads\/2016\/01\/CUIDAR-Book-Chapter-Portuguese.pdf\"><em>o.<\/em> Imprensa de Ci\u00eancias Socias, Lisboa, pp. 117-123<\/a><\/p>\n<p>Almeida, A. N., Delicado, A., Alves, N. A., Carvalho, T., 2015. Internet, children and space: revisiting generational attributes and boundaries. <em>New Media and Society<\/em>,\u00a0vol. 17, 9, pp. 1436-1453<\/p>\n<p>Alves, N. A., Delicado, A., Almeida, A. N., Carvalho, D., 2014. The internet and creativity: children as prosumers of online cultural content, in: Knoblauch, H., Jacobs, M., Tuma, R., (Eds.) <em>Culture, communication and creativity<\/em>. Frankfurt, Peter Lang<\/p>\n<p>Almeida, A. N., 2012. Inf\u00e2ncia, crian\u00e7as, internet: desafios na era digital (Childhood, children and the internet: challenges in the digital era). Lisboa, Fund. C. Gulbenkian.<\/p>\n<p>Almeida, A. N., Delicado, A., Alves, N. A., Carvalho, T., 2012. Children and digital diversity: from \u2018unguided rookies\u2019 to \u2018self-reliant cybernauts\u2019. <em>Childhood<\/em>, 19(2), pp. 219-234<\/p>\n<p><a href=\"http:\/\/www.lancaster.ac.uk\/cuidar\/wp-content\/uploads\/2015\/12\/Suitcases-storyboards-Newsround-Whittle-et-al.pdf\" target=\"_blank\" rel=\"noopener noreferrer\">Whittle, R., Walker, M., Medd, W., 2011. Suitcases, storyboards and Newsround: exploring\u00a0impact and dissemination in Hull,\u00a0<em>Area<\/em>\u00a043.4, 477\u2013487<\/a><\/p>\n<p>Almeida, A. N., 2009. Para uma sociologia da inf\u00e2ncia (Towards a sociology of childhood). Lisboa, ICS<\/p>\n<p><a href=\"http:\/\/www.lancaster.ac.uk\/cuidar\/wp-content\/uploads\/2015\/12\/Talk-Technologies-and-Teenagers_-Walker-et-al.pdf\" target=\"_blank\" rel=\"noopener noreferrer\">Walker, M., Whyatt, D., Pooley, C., Coulton, P., Davies, G., Bamford, W., 2009. Talk, technologies and teenagers: understanding the school journey using a mixed-methods approach.\u00a0<em>Children\u2019s Geographies,<\/em> 7 (2) pp. 107-122<\/a><\/p>\n<p><a href=\"http:\/\/www.lancaster.ac.uk\/cuidar\/wp-content\/uploads\/2015\/12\/Bingley-and-Milligan-Childrens-Geog-PROOFS-3707.pdf\" target=\"_blank\" rel=\"noopener noreferrer\">Bingley, A. F., Milligan, C., 2007. \u201cSandplay, Clay and Sticks\u201d: Multi-Sensory Research Methods to Explore the Long-Term Mental Health Effects of Childhood Play Experience.\u00a0<em>Children\u2019s Geographies,<\/em>\u00a05:3, 283\u2013296<\/a>\u00a0DOI: <a href=\"http:\/\/www.tandfonline.com\/doi\/abs\/10.1080\/14733280701445879\" target=\"_blank\" rel=\"noopener noreferrer\">10.1080\/14733280701445879<\/a><\/p>\n<p>Almeida, A. N., Vieira, M., 2006. A escola em Portugal \u2013 outros olhares, novos cen\u00e1rios (School in Portugal &#8211; new approaches). Lisboa, ICS<\/p>\n<p>Almeida, A. N., 2004. Children, participation, projects \u2013 how to make it work. Strasbourg, Council of Europe.<\/p>\n<p>Almeida, A. N., Andr\u00e9, I. M., Almeida, H. N., 2001. Fam\u00edlias e Maus tratos \u00e0s crian\u00e7as em Portugal (Families, children neglect and abuse in Portugal). Lisboa, Assembleia da Rep\u00fablica<\/p>\n","protected":false},"excerpt":{"rendered":"<p>Related publications by members of the CUIDAR consortium on disaster risk, recovery and resilience Disaster Recovery Mort. M., Walker, M., Lloyd Williams, A., Bingley, A., 2018, Displacement: Critical insights from flood-affected children. Health and Place, Volume 52 (July 2018), p.148-154 Delicado, A., Rowland, J., Fonseca, S., Almeida, A. N., Schmidt, L., Ribeiro, A. S., 2017.<a href=\"https:\/\/www.lancaster.ac.uk\/cuidar\/publications-pt\/\">[&#8230;]<\/a><\/p>\n","protected":false},"author":1,"featured_media":0,"parent":0,"menu_order":0,"comment_status":"closed","ping_status":"closed","template":"","meta":{"jetpack_post_was_ever_published":false,"footnotes":""},"tags":[],"class_list":["post-781","page","type-page","status-publish","hentry"],"jetpack_sharing_enabled":true,"jetpack_shortlink":"https:\/\/wp.me\/P70rsT-cB","_links":{"self":[{"href":"https:\/\/www.lancaster.ac.uk\/cuidar\/wp-json\/wp\/v2\/pages\/781","targetHints":{"allow":["GET"]}}],"collection":[{"href":"https:\/\/www.lancaster.ac.uk\/cuidar\/wp-json\/wp\/v2\/pages"}],"about":[{"href":"https:\/\/www.lancaster.ac.uk\/cuidar\/wp-json\/wp\/v2\/types\/page"}],"author":[{"embeddable":true,"href":"https:\/\/www.lancaster.ac.uk\/cuidar\/wp-json\/wp\/v2\/users\/1"}],"replies":[{"embeddable":true,"href":"https:\/\/www.lancaster.ac.uk\/cuidar\/wp-json\/wp\/v2\/comments?post=781"}],"version-history":[{"count":10,"href":"https:\/\/www.lancaster.ac.uk\/cuidar\/wp-json\/wp\/v2\/pages\/781\/revisions"}],"predecessor-version":[{"id":4274,"href":"https:\/\/www.lancaster.ac.uk\/cuidar\/wp-json\/wp\/v2\/pages\/781\/revisions\/4274"}],"wp:attachment":[{"href":"https:\/\/www.lancaster.ac.uk\/cuidar\/wp-json\/wp\/v2\/media?parent=781"}],"wp:term":[{"taxonomy":"post_tag","embeddable":true,"href":"https:\/\/www.lancaster.ac.uk\/cuidar\/wp-json\/wp\/v2\/tags?post=781"}],"curies":[{"name":"wp","href":"https:\/\/api.w.org\/{rel}","templated":true}]}}