{"id":5768,"date":"2023-03-29T01:38:30","date_gmt":"2023-03-29T01:38:30","guid":{"rendered":"https:\/\/www.lancaster.ac.uk\/great\/?page_id=5768"},"modified":"2024-04-26T06:47:03","modified_gmt":"2024-04-26T06:47:03","slug":"conferencia-final","status":"publish","type":"page","link":"https:\/\/www.lancaster.ac.uk\/great\/es\/sobre-nosotros\/conferencia-final\/","title":{"rendered":"GREAT Conferencia Final"},"content":{"rendered":"\t\t<div data-elementor-type=\"wp-page\" data-elementor-id=\"5768\" class=\"elementor elementor-5768\">\n\t\t\t\t<div class=\"elementor-element elementor-element-5240f1d e-con-full e-flex e-con e-parent\" data-id=\"5240f1d\" data-element_type=\"container\" data-e-type=\"container\">\n\t\t<div class=\"elementor-element elementor-element-a682179 e-flex e-con-boxed e-con e-child\" data-id=\"a682179\" data-element_type=\"container\" data-e-type=\"container\" data-settings=\"{&quot;background_background&quot;:&quot;classic&quot;}\">\n\t\t\t\t\t<div class=\"e-con-inner\">\n\t\t<div class=\"elementor-element elementor-element-7d591bc e-con-full e-flex e-con e-child\" data-id=\"7d591bc\" data-element_type=\"container\" data-e-type=\"container\" data-settings=\"{&quot;background_background&quot;:&quot;classic&quot;}\">\n\t\t\t\t<div class=\"elementor-element elementor-element-05b839b elementor-widget elementor-widget-spacer\" data-id=\"05b839b\" data-element_type=\"widget\" data-e-type=\"widget\" data-widget_type=\"spacer.default\">\n\t\t\t\t<div class=\"elementor-widget-container\">\n\t\t\t\t\t\t\t<div class=\"elementor-spacer\">\n\t\t\t<div class=\"elementor-spacer-inner\"><\/div>\n\t\t<\/div>\n\t\t\t\t\t\t<\/div>\n\t\t\t\t<\/div>\n\t\t\t\t<div class=\"elementor-element elementor-element-e6a5b33 elementor-invisible elementor-widget elementor-widget-image\" data-id=\"e6a5b33\" data-element_type=\"widget\" data-e-type=\"widget\" data-settings=\"{&quot;_animation&quot;:&quot;fadeIn&quot;}\" data-widget_type=\"image.default\">\n\t\t\t\t<div class=\"elementor-widget-container\">\n\t\t\t\t\t\t\t\t\t\t\t\t\t\t\t<img decoding=\"async\" width=\"300\" height=\"157\" src=\"https:\/\/www.lancaster.ac.uk\/great\/wp-content\/blogs.dir\/649\/files\/2023\/09\/Logo-Great-White-300x157.png\" class=\"attachment-medium size-medium wp-image-5865\" alt=\"\" srcset=\"https:\/\/www.lancaster.ac.uk\/great\/wp-content\/blogs.dir\/649\/files\/2023\/09\/Logo-Great-White-300x157.png 300w, https:\/\/www.lancaster.ac.uk\/great\/wp-content\/blogs.dir\/649\/files\/2023\/09\/Logo-Great-White-1024x536.png 1024w, https:\/\/www.lancaster.ac.uk\/great\/wp-content\/blogs.dir\/649\/files\/2023\/09\/Logo-Great-White-150x79.png 150w, https:\/\/www.lancaster.ac.uk\/great\/wp-content\/blogs.dir\/649\/files\/2023\/09\/Logo-Great-White-768x402.png 768w, https:\/\/www.lancaster.ac.uk\/great\/wp-content\/blogs.dir\/649\/files\/2023\/09\/Logo-Great-White-370x193.png 370w, https:\/\/www.lancaster.ac.uk\/great\/wp-content\/blogs.dir\/649\/files\/2023\/09\/Logo-Great-White.png 1199w\" sizes=\"(max-width: 300px) 100vw, 300px\" \/>\t\t\t\t\t\t\t\t\t\t\t\t\t\t\t<\/div>\n\t\t\t\t<\/div>\n\t\t\t\t<div class=\"elementor-element elementor-element-3bf1f5b elementor-invisible elementor-widget elementor-widget-heading\" data-id=\"3bf1f5b\" data-element_type=\"widget\" data-e-type=\"widget\" data-settings=\"{&quot;_animation&quot;:&quot;fadeInDown&quot;}\" data-widget_type=\"heading.default\">\n\t\t\t\t<div class=\"elementor-widget-container\">\n\t\t\t\t\t<h2 class=\"elementor-heading-title elementor-size-default\">GREAT Conferencia Final \u200b<\/h2>\t\t\t\t<\/div>\n\t\t\t\t<\/div>\n\t\t\t\t<div class=\"elementor-element elementor-element-7d127f4 elementor-widget elementor-widget-spacer\" data-id=\"7d127f4\" data-element_type=\"widget\" data-e-type=\"widget\" data-widget_type=\"spacer.default\">\n\t\t\t\t<div class=\"elementor-widget-container\">\n\t\t\t\t\t\t\t<div class=\"elementor-spacer\">\n\t\t\t<div class=\"elementor-spacer-inner\"><\/div>\n\t\t<\/div>\n\t\t\t\t\t\t<\/div>\n\t\t\t\t<\/div>\n\t\t\t\t<\/div>\n\t\t\t\t\t<\/div>\n\t\t\t\t<\/div>\n\t\t\t\t<\/div>\n\t\t<div class=\"elementor-element elementor-element-a153add e-con-full e-flex e-con e-parent\" data-id=\"a153add\" data-element_type=\"container\" data-e-type=\"container\">\n\t\t<div class=\"elementor-element elementor-element-a00d1e2 e-flex e-con-boxed e-con e-child\" data-id=\"a00d1e2\" data-element_type=\"container\" data-e-type=\"container\" data-settings=\"{&quot;background_background&quot;:&quot;classic&quot;}\">\n\t\t\t\t\t<div class=\"e-con-inner\">\n\t\t<div class=\"elementor-element elementor-element-78e22d9 e-flex e-con-boxed e-con e-child\" data-id=\"78e22d9\" data-element_type=\"container\" data-e-type=\"container\" data-settings=\"{&quot;background_background&quot;:&quot;classic&quot;}\">\n\t\t\t\t\t<div class=\"e-con-inner\">\n\t\t\t\t<div class=\"elementor-element elementor-element-d0b3ec1 elementor-widget elementor-widget-text-editor\" data-id=\"d0b3ec1\" data-element_type=\"widget\" data-e-type=\"widget\" data-widget_type=\"text-editor.default\">\n\t\t\t\t<div class=\"elementor-widget-container\">\n\t\t\t\t\t\t\t\t\t<h3 style=\"text-align: center;\"><span style=\"color: #dca415;\"><span style=\"font-size: 32px;\">Creando Futuros Urbanos Equitativos en \u00c1reas de Transici\u00f3n: Una Apertura<\/span><\/span><\/h3>\n<h3 style=\"text-align: center;\"><span style=\"color: #ffffff;\">21-22 de septiembre de 2023<\/span><\/h3>\t\t\t\t\t\t\t\t<\/div>\n\t\t\t\t<\/div>\n\t\t\t\t<div class=\"elementor-element elementor-element-d12ef0f elementor-widget elementor-widget-text-editor\" data-id=\"d12ef0f\" data-element_type=\"widget\" data-e-type=\"widget\" data-widget_type=\"text-editor.default\">\n\t\t\t\t<div class=\"elementor-widget-container\">\n\t\t\t\t\t\t\t\t\t<p>\u00bfDe qu\u00e9 manera deber\u00edamos replantearnos la relaci\u00f3n entre las transiciones sociot\u00e9cnicas y la creaci\u00f3n de futuros urbanos m\u00e1s equitativos? \u00bfQu\u00e9 capacidades, requisitos e imaginarios tienen las comunidades en contextos de informalidad; contextos que a menudo son percibidos como marginales, precarios e incompletos? \u00bfC\u00f3mo deber\u00edamos contextualizar pol\u00edticas orientadas a objetivos, especialmente la descarbonizaci\u00f3n y la energ\u00eda neta cero, para que el conocimiento, la creatividad, la resiliencia y la inventiva regenerativa de los ciudadanos se integren en visiones y la creaci\u00f3n de futuros justos y equitativos para los lugares espec\u00edficos que llaman hogar?<\/p><p>Esta conferencia busca abordar estas y otras preguntas relacionadas a trav\u00e9s de una variedad de contribuciones que trazan y reflexionan sobre la experiencia de comunidades de ciudades en Am\u00e9rica Latina y el Caribe, \u00c1frica y Asia. Juntas, las contribuciones muestran c\u00f3mo la creaci\u00f3n de futuros urbanos equitativos est\u00e1 entrelazada con cuestiones que son a la vez pol\u00edticas, ambientales, socioecon\u00f3micas y culturales. Este es un proceso lleno de desaf\u00edos significativos relacionados con la etnia, el g\u00e9nero, la clase, la edad, la presencia de violencia y las barreras que estos desaf\u00edos plantean a la voz y la representaci\u00f3n. Nuestro objetivo es reflexionar sobre las condiciones espec\u00edficas y las variaciones de tales desaf\u00edos en \u00e1reas de transici\u00f3n, es decir, \u00e1reas que experimentan cambios de una condici\u00f3n a otra, ya sea que involucren: cambio clim\u00e1tico y cambios en formas de vida particulares; cambios en el uso de tecnolog\u00edas espec\u00edficas; cambios en las comprensiones de reg\u00edmenes pol\u00edticos, econom\u00edas locales y nacionales; la transformaci\u00f3n de instituciones relacionadas, por ejemplo, con la justicia transicional tras per\u00edodos de conflicto armado, violencia y guerra; la transformaci\u00f3n de marcos legales y pr\u00e1cticas relacionadas con el legado de industrias extractivas; investigaci\u00f3n sobre transiciones y transformaciones urbanas seg\u00fan lo definido por Torrens et al (2021); y m\u00e1s.<\/p><p>La conferencia fomenta un debate cr\u00edtico sobre lo que significa &#8216;gridar&#8217; futuros urbanos equitativos. Centrarse en &#8216;gridar&#8217; como un verbo nos permite reconocer, mapear y desarrollar las &#8216;infraestructuras de pr\u00e1cticas relacionales&#8217; humanas, materiales y naturales fuertes que son fundamentales para la creaci\u00f3n de futuros (Simone 2015, 2004, Amin y Thrift 2017, Escobar 2018). C\u00f3mo las personas &#8216;gridan&#8217; juntas estas relaciones se cruza con los esfuerzos que contrarrestan las soluciones t\u00e9cnicas dise\u00f1adas con poco cuidado por c\u00f3mo podr\u00edan ser utilizadas por residentes de, por ejemplo, asentamientos informales o barrios populares. Deseamos explorar las m\u00faltiples formas en que las pr\u00e1cticas de &#8216;gridar&#8217; se juntan, chocan y se complementan entre s\u00ed; y aprender de contribuciones que nos hablan sobre la pol\u00edtica, los desaf\u00edos y las oportunidades de &#8216;gridar&#8217; en lugares particulares, con grupos espec\u00edficos de personas en un momento particular de su historia.<\/p><p>La conferencia se basa en e incluye informes de miembros del proyecto UKRI-GCRF (2020-2024) Creando Futuros Urbanos Equitativos en \u00c1reas de Transici\u00f3n en Cali, Colombia y La Habana, Cuba &#8211; GREAT, que re\u00fane a la Universidad de Lancaster, University College London, la Universidad del Valle en Cali y la Universidad Tecnol\u00f3gica de La Habana &#8220;Jos\u00e9 Antonio Echavarr\u00eda&#8221; CUJAE. Como muestra el programa a continuaci\u00f3n, la variedad de ponencias, colaboradores y afiliaciones institucionales nos proporciona un punto de partida adecuado para debatir c\u00f3mo se pueden conceptualizar y llevar a cabo futuros urbanos equitativos y otros en varios contextos. Vemos este debate como una apertura. Se incluye una lista completa de delegados al final de este libro de res\u00famenes para que las conversaciones puedan continuar a su manera en el futuro.<\/p><p>Esperamos que disfruten de la conferencia y les agradecemos una vez m\u00e1s por acompa\u00f1arnos en esta discusi\u00f3n oportuna e importante.<br \/>Con todos los mejores deseos, El equipo GREAT<\/p>\t\t\t\t\t\t\t\t<\/div>\n\t\t\t\t<\/div>\n\t\t\t\t<div class=\"elementor-element elementor-element-41bad28 elementor-widget elementor-widget-spacer\" data-id=\"41bad28\" data-element_type=\"widget\" data-e-type=\"widget\" data-widget_type=\"spacer.default\">\n\t\t\t\t<div class=\"elementor-widget-container\">\n\t\t\t\t\t\t\t<div class=\"elementor-spacer\">\n\t\t\t<div class=\"elementor-spacer-inner\"><\/div>\n\t\t<\/div>\n\t\t\t\t\t\t<\/div>\n\t\t\t\t<\/div>\n\t\t<div class=\"elementor-element elementor-element-4bf1d1b e-grid e-con-boxed e-con e-child\" data-id=\"4bf1d1b\" data-element_type=\"container\" data-e-type=\"container\">\n\t\t\t\t\t<div class=\"e-con-inner\">\n\t\t<div class=\"elementor-element elementor-element-addf894 e-con-full e-flex e-con e-child\" data-id=\"addf894\" data-element_type=\"container\" data-e-type=\"container\">\n\t\t\t\t<div class=\"elementor-element elementor-element-48681f5 elementor-view-default elementor-widget elementor-widget-icon\" data-id=\"48681f5\" data-element_type=\"widget\" data-e-type=\"widget\" data-widget_type=\"icon.default\">\n\t\t\t\t<div class=\"elementor-widget-container\">\n\t\t\t\t\t\t\t<div class=\"elementor-icon-wrapper\">\n\t\t\t<div class=\"elementor-icon\">\n\t\t\t<svg aria-hidden=\"true\" class=\"e-font-icon-svg e-far-calendar-plus\" viewBox=\"0 0 448 512\" xmlns=\"http:\/\/www.w3.org\/2000\/svg\"><path d=\"M336 292v24c0 6.6-5.4 12-12 12h-76v76c0 6.6-5.4 12-12 12h-24c-6.6 0-12-5.4-12-12v-76h-76c-6.6 0-12-5.4-12-12v-24c0-6.6 5.4-12 12-12h76v-76c0-6.6 5.4-12 12-12h24c6.6 0 12 5.4 12 12v76h76c6.6 0 12 5.4 12 12zm112-180v352c0 26.5-21.5 48-48 48H48c-26.5 0-48-21.5-48-48V112c0-26.5 21.5-48 48-48h48V12c0-6.6 5.4-12 12-12h40c6.6 0 12 5.4 12 12v52h128V12c0-6.6 5.4-12 12-12h40c6.6 0 12 5.4 12 12v52h48c26.5 0 48 21.5 48 48zm-48 346V160H48v298c0 3.3 2.7 6 6 6h340c3.3 0 6-2.7 6-6z\"><\/path><\/svg>\t\t\t<\/div>\n\t\t<\/div>\n\t\t\t\t\t\t<\/div>\n\t\t\t\t<\/div>\n\t\t\t\t<\/div>\n\t\t<div class=\"elementor-element elementor-element-df156a7 e-con-full e-flex e-con e-child\" data-id=\"df156a7\" data-element_type=\"container\" data-e-type=\"container\">\n\t\t\t\t<div class=\"elementor-element elementor-element-690d01f elementor-widget elementor-widget-text-editor\" data-id=\"690d01f\" data-element_type=\"widget\" data-e-type=\"widget\" data-widget_type=\"text-editor.default\">\n\t\t\t\t<div class=\"elementor-widget-container\">\n\t\t\t\t\t\t\t\t\t<h3><span style=\"color: #ffffff;\">Fecha: Septiembre 21 y 22, 2023<\/span><\/h3>\t\t\t\t\t\t\t\t<\/div>\n\t\t\t\t<\/div>\n\t\t\t\t<\/div>\n\t\t\t\t<div class=\"elementor-element elementor-element-e05906a elementor-view-default elementor-widget elementor-widget-icon\" data-id=\"e05906a\" data-element_type=\"widget\" data-e-type=\"widget\" data-widget_type=\"icon.default\">\n\t\t\t\t<div class=\"elementor-widget-container\">\n\t\t\t\t\t\t\t<div class=\"elementor-icon-wrapper\">\n\t\t\t<div class=\"elementor-icon\">\n\t\t\t<svg aria-hidden=\"true\" class=\"e-font-icon-svg e-fas-place-of-worship\" viewBox=\"0 0 640 512\" xmlns=\"http:\/\/www.w3.org\/2000\/svg\"><path d=\"M620.61 366.55L512 320v192h112c8.84 0 16-7.16 16-16V395.96a32 32 0 0 0-19.39-29.41zM0 395.96V496c0 8.84 7.16 16 16 16h112V320L19.39 366.55A32 32 0 0 0 0 395.96zm464.46-149.28L416 217.6V102.63c0-8.49-3.37-16.62-9.38-22.63L331.31 4.69c-6.25-6.25-16.38-6.25-22.62 0L233.38 80c-6 6-9.38 14.14-9.38 22.63V217.6l-48.46 29.08A31.997 31.997 0 0 0 160 274.12V512h96v-96c0-35.35 28.66-64 64-64s64 28.65 64 64v96h96V274.12c0-11.24-5.9-21.66-15.54-27.44z\"><\/path><\/svg>\t\t\t<\/div>\n\t\t<\/div>\n\t\t\t\t\t\t<\/div>\n\t\t\t\t<\/div>\n\t\t\t\t<div class=\"elementor-element elementor-element-ff875ae elementor-widget elementor-widget-text-editor\" data-id=\"ff875ae\" data-element_type=\"widget\" data-e-type=\"widget\" data-widget_type=\"text-editor.default\">\n\t\t\t\t<div class=\"elementor-widget-container\">\n\t\t\t\t\t\t\t\t\t<h3><span style=\"color: #ffffff;\">Lugar: Universidad de Lancaster, Reino Unido<\/span><\/h3>\t\t\t\t\t\t\t\t<\/div>\n\t\t\t\t<\/div>\n\t\t\t\t\t<\/div>\n\t\t\t\t<\/div>\n\t\t\t\t<div class=\"elementor-element elementor-element-ca3df3a elementor-widget elementor-widget-spacer\" data-id=\"ca3df3a\" data-element_type=\"widget\" data-e-type=\"widget\" data-widget_type=\"spacer.default\">\n\t\t\t\t<div class=\"elementor-widget-container\">\n\t\t\t\t\t\t\t<div class=\"elementor-spacer\">\n\t\t\t<div class=\"elementor-spacer-inner\"><\/div>\n\t\t<\/div>\n\t\t\t\t\t\t<\/div>\n\t\t\t\t<\/div>\n\t\t\t\t\t<\/div>\n\t\t\t\t<\/div>\n\t\t\t\t\t<\/div>\n\t\t\t\t<\/div>\n\t\t\t\t<\/div>\n\t\t<div class=\"elementor-element elementor-element-a4c90df e-con-full e-flex e-con e-parent\" data-id=\"a4c90df\" data-element_type=\"container\" data-e-type=\"container\">\n\t\t<div class=\"elementor-element elementor-element-99e0d43 e-con-full e-flex e-con e-child\" data-id=\"99e0d43\" data-element_type=\"container\" data-e-type=\"container\" data-settings=\"{&quot;background_background&quot;:&quot;classic&quot;}\">\n\t\t\t\t<div class=\"elementor-element elementor-element-375f0d1 elementor-widget elementor-widget-spacer\" data-id=\"375f0d1\" data-element_type=\"widget\" data-e-type=\"widget\" data-widget_type=\"spacer.default\">\n\t\t\t\t<div class=\"elementor-widget-container\">\n\t\t\t\t\t\t\t<div class=\"elementor-spacer\">\n\t\t\t<div class=\"elementor-spacer-inner\"><\/div>\n\t\t<\/div>\n\t\t\t\t\t\t<\/div>\n\t\t\t\t<\/div>\n\t\t\t\t<div class=\"elementor-element elementor-element-c8616cc elementor-widget__width-inherit elementor-widget elementor-widget-google_maps\" data-id=\"c8616cc\" data-element_type=\"widget\" data-e-type=\"widget\" data-widget_type=\"google_maps.default\">\n\t\t\t\t<div class=\"elementor-widget-container\">\n\t\t\t\t\t\t\t<div class=\"elementor-custom-embed\">\n\t\t\t<iframe loading=\"lazy\"\n\t\t\t\t\tsrc=\"https:\/\/maps.google.com\/maps?q=Lancaster%20University%20Campus&#038;t=m&#038;z=14&#038;output=embed&#038;iwloc=near\"\n\t\t\t\t\ttitle=\"Lancaster University Campus\"\n\t\t\t\t\taria-label=\"Lancaster University Campus\"\n\t\t\t><\/iframe>\n\t\t<\/div>\n\t\t\t\t\t\t<\/div>\n\t\t\t\t<\/div>\n\t\t\t\t<div class=\"elementor-element elementor-element-f60d101 elementor-widget elementor-widget-spacer\" data-id=\"f60d101\" data-element_type=\"widget\" data-e-type=\"widget\" data-widget_type=\"spacer.default\">\n\t\t\t\t<div class=\"elementor-widget-container\">\n\t\t\t\t\t\t\t<div class=\"elementor-spacer\">\n\t\t\t<div class=\"elementor-spacer-inner\"><\/div>\n\t\t<\/div>\n\t\t\t\t\t\t<\/div>\n\t\t\t\t<\/div>\n\t\t\t\t<\/div>\n\t\t\t\t<\/div>\n\t\t\t\t<\/div>\n\t\t","protected":false},"excerpt":{"rendered":"<p>GREAT Conferencia Final \u200b Creando Futuros Urbanos Equitativos en \u00c1reas de Transici\u00f3n: Una Apertura 21-22 de septiembre de 2023 \u00bfDe qu\u00e9 manera deber\u00edamos replantearnos la relaci\u00f3n entre las transiciones sociot\u00e9cnicas y la creaci\u00f3n de futuros urbanos m\u00e1s equitativos? \u00bfQu\u00e9 capacidades, requisitos e imaginarios tienen las comunidades en contextos de informalidad; contextos que a menudo son [&hellip;]<\/p>\n","protected":false},"author":4,"featured_media":0,"parent":1770,"menu_order":0,"comment_status":"closed","ping_status":"closed","template":"elementor_header_footer","meta":{"site-sidebar-layout":"no-sidebar","site-content-layout":"page-builder","ast-site-content-layout":"default","site-content-style":"default","site-sidebar-style":"default","ast-global-header-display":"","ast-banner-title-visibility":"","ast-main-header-display":"","ast-hfb-above-header-display":"","ast-hfb-below-header-display":"","ast-hfb-mobile-header-display":"","site-post-title":"disabled","ast-breadcrumbs-content":"","ast-featured-img":"disabled","footer-sml-layout":"","ast-disable-related-posts":"","theme-transparent-header-meta":"default","adv-header-id-meta":"","stick-header-meta":"","header-above-stick-meta":"","header-main-stick-meta":"","header-below-stick-meta":"","astra-migrate-meta-layouts":"default","ast-page-background-enabled":"default","ast-page-background-meta":{"desktop":{"background-color":"var(--ast-global-color-4)","background-image":"","background-repeat":"repeat","background-position":"center center","background-size":"auto","background-attachment":"scroll","background-type":"","background-media":"","overlay-type":"","overlay-color":"","overlay-opacity":"","overlay-gradient":""},"tablet":{"background-color":"","background-image":"","background-repeat":"repeat","background-position":"center center","background-size":"auto","background-attachment":"scroll","background-type":"","background-media":"","overlay-type":"","overlay-color":"","overlay-opacity":"","overlay-gradient":""},"mobile":{"background-color":"","background-image":"","background-repeat":"repeat","background-position":"center center","background-size":"auto","background-attachment":"scroll","background-type":"","background-media":"","overlay-type":"","overlay-color":"","overlay-opacity":"","overlay-gradient":""}},"ast-content-background-meta":{"desktop":{"background-color":"var(--ast-global-color-5)","background-image":"","background-repeat":"repeat","background-position":"center center","background-size":"auto","background-attachment":"scroll","background-type":"","background-media":"","overlay-type":"","overlay-color":"","overlay-opacity":"","overlay-gradient":""},"tablet":{"background-color":"var(--ast-global-color-5)","background-image":"","background-repeat":"repeat","background-position":"center center","background-size":"auto","background-attachment":"scroll","background-type":"","background-media":"","overlay-type":"","overlay-color":"","overlay-opacity":"","overlay-gradient":""},"mobile":{"background-color":"var(--ast-global-color-5)","background-image":"","background-repeat":"repeat","background-position":"center center","background-size":"auto","background-attachment":"scroll","background-type":"","background-media":"","overlay-type":"","overlay-color":"","overlay-opacity":"","overlay-gradient":""}},"footnotes":""},"class_list":["post-5768","page","type-page","status-publish","hentry"],"_links":{"self":[{"href":"https:\/\/www.lancaster.ac.uk\/great\/wp-json\/wp\/v2\/pages\/5768","targetHints":{"allow":["GET"]}}],"collection":[{"href":"https:\/\/www.lancaster.ac.uk\/great\/wp-json\/wp\/v2\/pages"}],"about":[{"href":"https:\/\/www.lancaster.ac.uk\/great\/wp-json\/wp\/v2\/types\/page"}],"author":[{"embeddable":true,"href":"https:\/\/www.lancaster.ac.uk\/great\/wp-json\/wp\/v2\/users\/4"}],"replies":[{"embeddable":true,"href":"https:\/\/www.lancaster.ac.uk\/great\/wp-json\/wp\/v2\/comments?post=5768"}],"version-history":[{"count":24,"href":"https:\/\/www.lancaster.ac.uk\/great\/wp-json\/wp\/v2\/pages\/5768\/revisions"}],"predecessor-version":[{"id":6235,"href":"https:\/\/www.lancaster.ac.uk\/great\/wp-json\/wp\/v2\/pages\/5768\/revisions\/6235"}],"up":[{"embeddable":true,"href":"https:\/\/www.lancaster.ac.uk\/great\/wp-json\/wp\/v2\/pages\/1770"}],"wp:attachment":[{"href":"https:\/\/www.lancaster.ac.uk\/great\/wp-json\/wp\/v2\/media?parent=5768"}],"curies":[{"name":"wp","href":"https:\/\/api.w.org\/{rel}","templated":true}]}}